Last updated on 2024-06-13 05:59:00 CEST.
Flavor | Version | Tinstall | Tcheck | Ttotal | Status | Flags |
---|---|---|---|---|---|---|
r-devel-linux-x86_64-debian-clang | 0.6.3 | 20.83 | 273.74 | 294.57 | OK | |
r-devel-linux-x86_64-debian-gcc | 0.6.3 | 0.66 | 1.89 | 2.55 | ERROR | |
r-devel-linux-x86_64-fedora-clang | 0.6.3 | 370.81 | OK | |||
r-devel-linux-x86_64-fedora-gcc | 0.6.3 | 361.48 | OK | |||
r-devel-windows-x86_64 | 0.6.3 | 16.00 | 199.00 | 215.00 | OK | |
r-patched-linux-x86_64 | 0.6.3 | 20.20 | 269.03 | 289.23 | OK | |
r-release-linux-x86_64 | 0.6.3 | 13.69 | 270.35 | 284.04 | OK | |
r-release-macos-arm64 | 0.6.3 | 111.00 | OK | |||
r-release-macos-x86_64 | 0.6.3 | 239.00 | OK | |||
r-release-windows-x86_64 | 0.6.3 | 17.00 | 223.00 | 240.00 | OK | |
r-oldrel-macos-arm64 | 0.6.3 | 120.00 | OK | |||
r-oldrel-macos-x86_64 | 0.6.3 | 198.00 | OK | |||
r-oldrel-windows-x86_64 | 0.6.3 | 22.00 | 246.00 | 268.00 | OK |
Version: 0.6.3
Check: package dependencies
Result: ERROR
Packages required but not available:
'BayesFactor', 'DescTools', 'dplyr', 'forcats', 'ggmosaic',
'ggplot2', 'ggrepel', 'paletteer', 'purrr', 'stringr', 'tidyr'
Packages suggested but not available for checking:
'ggthemes', 'hrbrthemes', 'janitor', 'productplots', 'tibble',
'testthat', 'tidyselect'
See section ‘The DESCRIPTION file’ in the ‘Writing R Extensions’
manual.
Flavor: r-devel-linux-x86_64-debian-gcc