Last updated on 2024-05-19 05:55:57 CEST.
Flavor | Version | Tinstall | Tcheck | Ttotal | Status | Flags |
---|---|---|---|---|---|---|
r-devel-linux-x86_64-debian-clang | 1.0.7 | 68.99 | 268.83 | 337.82 | OK | |
r-devel-linux-x86_64-debian-gcc | 1.0.7 | 61.63 | 189.33 | 250.96 | OK | |
r-devel-linux-x86_64-fedora-clang | 1.0.7 | 422.07 | OK | |||
r-devel-linux-x86_64-fedora-gcc | 1.0.7 | 494.56 | OK | |||
r-devel-windows-x86_64 | 1.0.7 | 57.00 | 189.00 | 246.00 | OK | |
r-patched-linux-x86_64 | 1.0.7 | 88.77 | 252.99 | 341.76 | OK | |
r-release-linux-x86_64 | 1.0.7 | 69.74 | 258.85 | 328.59 | OK | |
r-release-macos-arm64 | 1.0.7 | 82.00 | NOTE | |||
r-release-windows-x86_64 | 1.0.7 | 55.00 | 201.00 | 256.00 | OK | |
r-oldrel-macos-arm64 | 1.0.7 | 104.00 | NOTE | |||
r-oldrel-macos-x86_64 | 1.0.7 | 355.00 | NOTE | |||
r-oldrel-windows-x86_64 | 1.0.7 | 67.00 | 276.00 | 343.00 | OK |
Version: 1.0.7
Check: installed package size
Result: NOTE
installed size is 10.1Mb
sub-directories of 1Mb or more:
libs 9.5Mb
Flavors: r-release-macos-arm64, r-oldrel-macos-arm64, r-oldrel-macos-x86_64