Last updated on 2024-06-13 05:59:00 CEST.
Flavor | Version | Tinstall | Tcheck | Ttotal | Status | Flags |
---|---|---|---|---|---|---|
r-devel-linux-x86_64-debian-clang | 0.1.2 | 8.22 | 55.22 | 63.44 | NOTE | |
r-devel-linux-x86_64-debian-gcc | 0.1.2 | 0.28 | 1.54 | 1.82 | ERROR | |
r-devel-linux-x86_64-fedora-clang | 0.1.2 | 78.92 | NOTE | |||
r-devel-linux-x86_64-fedora-gcc | 0.1.2 | 73.66 | NOTE | |||
r-devel-windows-x86_64 | 0.1.2 | 6.00 | 58.00 | 64.00 | NOTE | |
r-patched-linux-x86_64 | 0.1.2 | 7.22 | 51.99 | 59.21 | NOTE | |
r-release-linux-x86_64 | 0.1.2 | 7.16 | 51.64 | 58.80 | NOTE | |
r-release-macos-arm64 | 0.1.2 | 27.00 | NOTE | |||
r-release-macos-x86_64 | 0.1.2 | 38.00 | NOTE | |||
r-release-windows-x86_64 | 0.1.2 | 7.00 | 58.00 | 65.00 | NOTE | |
r-oldrel-macos-arm64 | 0.1.2 | 27.00 | OK | |||
r-oldrel-macos-x86_64 | 0.1.2 | 39.00 | OK | |||
r-oldrel-windows-x86_64 | 0.1.2 | 9.00 | 67.00 | 76.00 | OK |
Version: 0.1.2
Check: Rd files
Result: NOTE
checkRd: (-1) clr.Rd:24: Lost braces
24 | the sense that its Karhunen-Lo\`{e}ve decomposition has qx terms only.}
| ^
Flavors: r-devel-linux-x86_64-debian-clang, r-devel-linux-x86_64-fedora-clang, r-devel-linux-x86_64-fedora-gcc, r-devel-windows-x86_64, r-patched-linux-x86_64, r-release-linux-x86_64, r-release-macos-arm64, r-release-macos-x86_64, r-release-windows-x86_64
Version: 0.1.2
Check: package dependencies
Result: ERROR
Packages required but not available: 'lubridate', 'dplyr'
See section ‘The DESCRIPTION file’ in the ‘Writing R Extensions’
manual.
Flavor: r-devel-linux-x86_64-debian-gcc