Last updated on 2024-05-19 05:55:47 CEST.
Flavor | Version | Tinstall | Tcheck | Ttotal | Status | Flags |
---|---|---|---|---|---|---|
r-devel-linux-x86_64-debian-clang | 2.8.2 | 20.42 | 66.17 | 86.59 | OK | |
r-devel-linux-x86_64-debian-gcc | 2.8.2 | 15.69 | 50.23 | 65.92 | OK | |
r-devel-linux-x86_64-fedora-clang | 2.8.2 | 118.69 | NOTE | |||
r-devel-linux-x86_64-fedora-gcc | 2.8.2 | 162.50 | OK | |||
r-devel-windows-x86_64 | 2.8.2 | 17.00 | 73.00 | 90.00 | OK | |
r-patched-linux-x86_64 | 2.8.2 | 23.36 | 63.10 | 86.46 | OK | |
r-release-linux-x86_64 | 2.8.2 | 23.64 | 62.80 | 86.44 | OK | |
r-release-macos-arm64 | 2.8.2 | 36.00 | OK | |||
r-release-macos-x86_64 | 2.8.2 | 73.00 | OK | |||
r-release-windows-x86_64 | 2.8.2 | 17.00 | 74.00 | 91.00 | OK | |
r-oldrel-macos-arm64 | 2.8.2 | 50.00 | OK | |||
r-oldrel-macos-x86_64 | 2.8.2 | 67.00 | OK | |||
r-oldrel-windows-x86_64 | 2.8.2 | 23.00 | 78.00 | 101.00 | OK |
Version: 2.8.2
Check: Rd cross-references
Result: NOTE
Undeclared package ‘distr’ in Rd xrefs
Flavor: r-devel-linux-x86_64-fedora-clang