Last updated on 2024-05-19 05:55:50 CEST.
Flavor | Version | Tinstall | Tcheck | Ttotal | Status | Flags |
---|---|---|---|---|---|---|
r-devel-linux-x86_64-debian-clang | 2.3.3 | 4.76 | 29.95 | 34.71 | NOTE | |
r-devel-linux-x86_64-debian-gcc | 2.3.3 | 3.88 | 22.69 | 26.57 | NOTE | |
r-devel-linux-x86_64-fedora-clang | 2.3.3 | 44.09 | NOTE | |||
r-devel-linux-x86_64-fedora-gcc | 2.3.3 | 46.59 | NOTE | |||
r-devel-windows-x86_64 | 2.3.3 | 8.00 | 54.00 | 62.00 | NOTE | |
r-patched-linux-x86_64 | 2.3.3 | 4.46 | 28.87 | 33.33 | NOTE | |
r-release-linux-x86_64 | 2.3.3 | 4.58 | 28.78 | 33.36 | NOTE | |
r-release-macos-arm64 | 2.3.3 | 20.00 | NOTE | |||
r-release-windows-x86_64 | 2.3.3 | 7.00 | 57.00 | 64.00 | NOTE | |
r-oldrel-macos-arm64 | 2.3.3 | 23.00 | NOTE | |||
r-oldrel-macos-x86_64 | 2.3.3 | 30.00 | NOTE | |||
r-oldrel-windows-x86_64 | 2.3.3 | 7.00 | 57.00 | 64.00 | NOTE |
Version: 2.3.3
Check: Rd files
Result: NOTE
checkRd: (-1) fitgbd.Rd:29: Escaped LaTeX specials: \&
checkRd: (-1) fitgld.Rd:30: Escaped LaTeX specials: \&
checkRd: (-1) gb.Rd:28: Escaped LaTeX specials: \&
checkRd: (-1) gbd.Rd:37: Escaped LaTeX specials: \&
checkRd: (-1) gld.Rd:36: Escaped LaTeX specials: \&
Flavors: r-devel-linux-x86_64-debian-clang, r-devel-linux-x86_64-debian-gcc, r-devel-linux-x86_64-fedora-clang, r-devel-linux-x86_64-fedora-gcc, r-devel-windows-x86_64, r-patched-linux-x86_64, r-release-linux-x86_64, r-release-macos-arm64, r-release-windows-x86_64, r-oldrel-macos-arm64, r-oldrel-macos-x86_64, r-oldrel-windows-x86_64