Last updated on 2024-05-19 05:55:54 CEST.
Flavor | Version | Tinstall | Tcheck | Ttotal | Status | Flags |
---|---|---|---|---|---|---|
r-devel-linux-x86_64-debian-clang | 0.1.1 | 2.01 | 32.83 | 34.84 | OK | |
r-devel-linux-x86_64-debian-gcc | 0.1.1 | 1.97 | 25.28 | 27.25 | OK | |
r-devel-linux-x86_64-fedora-clang | 0.1.1 | 45.03 | OK | |||
r-devel-linux-x86_64-fedora-gcc | 0.1.1 | 64.99 | OK | |||
r-devel-windows-x86_64 | 0.1.1 | 3.00 | 49.00 | 52.00 | OK | |
r-patched-linux-x86_64 | 0.1.1 | 2.30 | 31.61 | 33.91 | OK | |
r-release-linux-x86_64 | 0.1.1 | 2.09 | 31.94 | 34.03 | OK | |
r-release-macos-arm64 | 0.1.1 | 23.00 | OK | |||
r-release-windows-x86_64 | 0.1.1 | 3.00 | 50.00 | 53.00 | OK | |
r-oldrel-macos-arm64 | 0.1.1 | 25.00 | OK | |||
r-oldrel-macos-x86_64 | 0.1.1 | 33.00 | NOTE | |||
r-oldrel-windows-x86_64 | 0.1.1 | 4.00 | 52.00 | 56.00 | OK |
Version: 0.1.1
Check: package dependencies
Result: NOTE
Package suggested but not available for checking: ‘MBSP’
Flavor: r-oldrel-macos-x86_64