Last updated on 2024-05-19 05:56:00 CEST.
Flavor | Version | Tinstall | Tcheck | Ttotal | Status | Flags |
---|---|---|---|---|---|---|
r-devel-linux-x86_64-debian-clang | 2.26 | 12.79 | 87.21 | 100.00 | OK | |
r-devel-linux-x86_64-debian-gcc | 2.26 | 10.84 | 62.69 | 73.53 | OK | |
r-devel-linux-x86_64-fedora-clang | 2.27 | 122.12 | NOTE | |||
r-devel-linux-x86_64-fedora-gcc | 2.27 | 134.56 | OK | |||
r-devel-windows-x86_64 | 2.26 | 14.00 | 90.00 | 104.00 | NOTE | |
r-patched-linux-x86_64 | 2.26 | 14.31 | 83.99 | 98.30 | OK | |
r-release-linux-x86_64 | 2.26 | 13.43 | 83.23 | 96.66 | OK | |
r-release-macos-arm64 | 2.27 | 54.00 | NOTE | |||
r-release-macos-x86_64 | 2.27 | 130.00 | NOTE | |||
r-release-windows-x86_64 | 2.27 | 12.00 | 91.00 | 103.00 | NOTE | |
r-oldrel-macos-arm64 | 2.27 | 50.00 | NOTE | |||
r-oldrel-macos-x86_64 | 2.27 | 97.00 | NOTE | |||
r-oldrel-windows-x86_64 | 2.27 | 14.00 | 98.00 | 112.00 | NOTE |
Version: 2.27
Check: installed package size
Result: NOTE
installed size is 7.3Mb
sub-directories of 1Mb or more:
rmd 6.2Mb
Flavors: r-devel-linux-x86_64-fedora-clang, r-release-macos-arm64, r-release-macos-x86_64, r-release-windows-x86_64, r-oldrel-macos-arm64, r-oldrel-macos-x86_64, r-oldrel-windows-x86_64
Version: 2.26
Check: installed package size
Result: NOTE
installed size is 7.0Mb
sub-directories of 1Mb or more:
rmd 5.9Mb
Flavor: r-devel-windows-x86_64