Last updated on 2024-06-13 05:59:20 CEST.
Flavor | Version | Tinstall | Tcheck | Ttotal | Status | Flags |
---|---|---|---|---|---|---|
r-devel-linux-x86_64-debian-clang | 0.1.1 | 5.36 | 56.94 | 62.30 | OK | |
r-devel-linux-x86_64-debian-gcc | 0.1.1 | 0.30 | 1.74 | 2.04 | ERROR | |
r-devel-linux-x86_64-fedora-clang | 0.1.1 | 79.51 | OK | |||
r-devel-linux-x86_64-fedora-gcc | 0.1.1 | 86.86 | OK | |||
r-devel-windows-x86_64 | 0.1.1 | 5.00 | 63.00 | 68.00 | OK | |
r-patched-linux-x86_64 | 0.1.1 | 5.89 | 56.21 | 62.10 | OK | |
r-release-linux-x86_64 | 0.1.1 | 4.65 | 56.02 | 60.67 | OK | |
r-release-macos-arm64 | 0.1.1 | 29.00 | OK | |||
r-release-macos-x86_64 | 0.1.1 | 47.00 | OK | |||
r-release-windows-x86_64 | 0.1.1 | 6.00 | 64.00 | 70.00 | OK | |
r-oldrel-macos-arm64 | 0.1.1 | 31.00 | OK | |||
r-oldrel-macos-x86_64 | 0.1.1 | 48.00 | OK | |||
r-oldrel-windows-x86_64 | 0.1.1 | 7.00 | 69.00 | 76.00 | OK |
Version: 0.1.1
Check: package dependencies
Result: ERROR
Package required but not available: ‘stringr’
See section ‘The DESCRIPTION file’ in the ‘Writing R Extensions’
manual.
Flavor: r-devel-linux-x86_64-debian-gcc