Last updated on 2024-05-19 05:56:02 CEST.
Flavor | Version | Tinstall | Tcheck | Ttotal | Status | Flags |
---|---|---|---|---|---|---|
r-devel-linux-x86_64-debian-clang | 2.1.1 | 23.13 | 171.47 | 194.60 | NOTE | |
r-devel-linux-x86_64-debian-gcc | 2.1.1 | 16.16 | 119.74 | 135.90 | NOTE | |
r-devel-linux-x86_64-fedora-clang | 2.1.1 | 236.73 | NOTE | |||
r-devel-linux-x86_64-fedora-gcc | 2.1.1 | 302.29 | NOTE | |||
r-devel-windows-x86_64 | 2.1.1 | 18.00 | 140.00 | 158.00 | NOTE | |
r-patched-linux-x86_64 | 2.1.1 | 21.78 | 163.18 | 184.96 | NOTE | |
r-release-linux-x86_64 | 2.1.1 | 15.91 | 158.30 | 174.21 | NOTE | |
r-release-macos-arm64 | 2.1.1 | 63.00 | NOTE | |||
r-release-windows-x86_64 | 2.1.1 | 19.00 | 145.00 | 164.00 | NOTE | |
r-oldrel-macos-arm64 | 2.1.1 | 59.00 | OK | |||
r-oldrel-macos-x86_64 | 2.1.1 | 108.00 | OK | |||
r-oldrel-windows-x86_64 | 2.1.1 | 26.00 | 173.00 | 199.00 | OK |
Version: 2.1.1
Check: Rd files
Result: NOTE
checkRd: (-1) plot.selm.Rd:101: Lost braces
101 | data. Default value for code{which} is \code{2:4} if \code{p>1}, otherwise
| ^
Flavors: r-devel-linux-x86_64-debian-clang, r-devel-linux-x86_64-debian-gcc, r-devel-linux-x86_64-fedora-clang, r-devel-linux-x86_64-fedora-gcc, r-devel-windows-x86_64, r-patched-linux-x86_64, r-release-linux-x86_64, r-release-macos-arm64, r-release-windows-x86_64