Last updated on 2024-06-13 05:59:23 CEST.
Flavor | Version | Tinstall | Tcheck | Ttotal | Status | Flags |
---|---|---|---|---|---|---|
r-devel-linux-x86_64-debian-clang | 0.0.91 | 28.81 | 26.90 | 55.71 | OK | |
r-devel-linux-x86_64-debian-gcc | 0.0.91 | 17.85 | 21.21 | 39.06 | OK | |
r-devel-linux-x86_64-fedora-clang | 0.0.91 | 73.60 | OK | |||
r-devel-linux-x86_64-fedora-gcc | 0.0.91 | 75.03 | OK | |||
r-devel-windows-x86_64 | 0.0.91 | 27.00 | 95.00 | 122.00 | NOTE | |
r-patched-linux-x86_64 | 0.0.91 | 24.59 | 26.72 | 51.31 | OK | |
r-release-linux-x86_64 | 0.0.91 | 24.51 | 26.09 | 50.60 | OK | |
r-release-macos-arm64 | 0.0.91 | 23.00 | OK | |||
r-release-macos-x86_64 | 0.0.91 | 33.00 | OK | |||
r-release-windows-x86_64 | 0.0.91 | 28.00 | 107.00 | 135.00 | NOTE | |
r-oldrel-macos-arm64 | 0.0.91 | 27.00 | OK | |||
r-oldrel-macos-x86_64 | 0.0.91 | 44.00 | OK | |||
r-oldrel-windows-x86_64 | 0.0.91 | 31.00 | 116.00 | 147.00 | NOTE |
Version: 0.0.91
Check: installed package size
Result: NOTE
installed size is 5.4Mb
sub-directories of 1Mb or more:
libs 4.6Mb
Flavors: r-devel-windows-x86_64, r-release-windows-x86_64, r-oldrel-windows-x86_64