CRAN Package Check Results for Package AnchorRegression

Last updated on 2025-07-22 05:49:31 CEST.

Flavor Version Tinstall Tcheck Ttotal Status Flags
r-devel-linux-x86_64-debian-clang 0.1.3 8.01 87.07 95.08 NOTE
r-devel-linux-x86_64-debian-gcc 0.1.3 6.01 69.09 75.10 NOTE
r-devel-linux-x86_64-fedora-clang 0.1.3 150.90 OK
r-devel-linux-x86_64-fedora-gcc 0.1.3 143.52 OK
r-devel-windows-x86_64 0.1.3 9.00 100.00 109.00 OK
r-patched-linux-x86_64 0.1.3 7.60 86.19 93.79 OK
r-release-linux-x86_64 0.1.3 8.71 86.40 95.11 OK
r-release-macos-arm64 0.1.3 62.00 OK
r-release-macos-x86_64 0.1.3 106.00 OK
r-release-windows-x86_64 0.1.3 9.00 96.00 105.00 OK
r-oldrel-macos-arm64 0.1.3 52.00 OK
r-oldrel-macos-x86_64 0.1.3 76.00 OK
r-oldrel-windows-x86_64 0.1.3 12.00 120.00 132.00 OK

Check Details

Version: 0.1.3
Check: CRAN incoming feasibility
Result: NOTE Maintainer: ‘Simon Zimmermann <zimmersi@hu-berlin.de>’ No Authors@R field in DESCRIPTION. Please add one, modifying Authors@R: person(given = "Simon", family = "Zimmermann", role = c("aut", "cre"), email = "zimmersi@hu-berlin.de") as necessary. Flavors: r-devel-linux-x86_64-debian-clang, r-devel-linux-x86_64-debian-gcc