Last updated on 2025-04-30 05:49:33 CEST.
Flavor | Version | Tinstall | Tcheck | Ttotal | Status | Flags |
---|---|---|---|---|---|---|
r-devel-linux-x86_64-debian-clang | 0.1.24 | 11.85 | 93.58 | 105.43 | NOTE | |
r-devel-linux-x86_64-debian-gcc | 0.1.24 | 8.57 | 64.70 | 73.27 | OK | |
r-devel-linux-x86_64-fedora-clang | 0.1.24 | 164.32 | OK | |||
r-devel-linux-x86_64-fedora-gcc | 0.1.24 | 169.91 | OK | |||
r-devel-windows-x86_64 | 0.1.24 | 13.00 | 98.00 | 111.00 | OK | |
r-patched-linux-x86_64 | 0.1.24 | 11.03 | 86.18 | 97.21 | OK | |
r-release-linux-x86_64 | 0.1.24 | 10.91 | 86.49 | 97.40 | OK | |
r-release-macos-arm64 | 0.1.24 | 47.00 | OK | |||
r-release-macos-x86_64 | 0.1.24 | 93.00 | OK | |||
r-release-windows-x86_64 | 0.1.24 | 13.00 | 99.00 | 112.00 | OK | |
r-oldrel-macos-arm64 | 0.1.24 | 42.00 | OK | |||
r-oldrel-macos-x86_64 | 0.1.24 | 62.00 | OK | |||
r-oldrel-windows-x86_64 | 0.1.24 | 16.00 | 115.00 | 131.00 | OK |
Version: 0.1.24
Check: examples
Result: NOTE
Examples with CPU (user + system) or elapsed time > 5s
user system elapsed
plotAllABT 6.512 0.067 8.689
Flavor: r-devel-linux-x86_64-debian-clang