Last updated on 2025-11-24 04:49:49 CET.
| Flavor | Version | Tinstall | Tcheck | Ttotal | Status | Flags |
|---|---|---|---|---|---|---|
| r-devel-linux-x86_64-debian-clang | 2.9.9 | 83.88 | 154.64 | 238.52 | NOTE | |
| r-devel-linux-x86_64-debian-gcc | 2.9.9 | 57.34 | 107.79 | 165.13 | NOTE | |
| r-devel-linux-x86_64-fedora-clang | 2.9.9 | 175.00 | 247.44 | 422.44 | OK | |
| r-devel-windows-x86_64 | 2.9.9 | 115.00 | 179.00 | 294.00 | OK | |
| r-patched-linux-x86_64 | 2.9.9 | 87.74 | 139.78 | 227.52 | NOTE | |
| r-release-linux-x86_64 | 2.9.9 | 85.40 | 137.63 | 223.03 | NOTE | |
| r-release-macos-arm64 | 2.9.9 | OK | ||||
| r-release-macos-x86_64 | 2.9.9 | 41.00 | 129.00 | 170.00 | OK | |
| r-release-windows-x86_64 | 2.9.9 | 102.00 | 199.00 | 301.00 | OK | |
| r-oldrel-macos-arm64 | 2.9.9 | NOTE | ||||
| r-oldrel-macos-x86_64 | 2.9.9 | 53.00 | 160.00 | 213.00 | NOTE | |
| r-oldrel-windows-x86_64 | 2.9.9 | 118.00 | 212.00 | 330.00 | NOTE |
Version: 2.9.9
Check: for unstated dependencies in ‘demo’
Result: NOTE
'library' or 'require' calls not declared from:
‘rpart’ ‘rpart.plot’
Flavors: r-devel-linux-x86_64-debian-clang, r-devel-linux-x86_64-debian-gcc, r-patched-linux-x86_64, r-release-linux-x86_64
Version: 2.9.9
Check: installed package size
Result: NOTE
installed size is 8.1Mb
sub-directories of 1Mb or more:
data 3.1Mb
libs 3.4Mb
Flavors: r-oldrel-macos-arm64, r-oldrel-macos-x86_64, r-oldrel-windows-x86_64