Last updated on 2025-05-20 05:50:05 CEST.
Flavor | Version | Tinstall | Tcheck | Ttotal | Status | Flags |
---|---|---|---|---|---|---|
r-devel-linux-x86_64-debian-clang | 1.0.0 | 4.96 | 41.18 | 46.14 | OK | |
r-devel-linux-x86_64-debian-gcc | 1.0.0 | 3.51 | 30.64 | 34.15 | OK | |
r-devel-linux-x86_64-fedora-clang | 1.0.0 | 72.93 | OK | |||
r-devel-linux-x86_64-fedora-gcc | 1.0.0 | 66.30 | OK | |||
r-devel-windows-x86_64 | 1.0.0 | 6.00 | 59.00 | 65.00 | OK | |
r-patched-linux-x86_64 | 1.0.0 | 4.83 | 38.75 | 43.58 | OK | |
r-release-linux-x86_64 | 1.0.0 | 5.13 | 39.11 | 44.24 | OK | |
r-release-macos-arm64 | 1.0.0 | 29.00 | OK | |||
r-release-macos-x86_64 | 1.0.0 | 44.00 | OK | |||
r-release-windows-x86_64 | 1.0.0 | 6.00 | 68.00 | 74.00 | OK | |
r-oldrel-macos-arm64 | 1.0.0 | 26.00 | NOTE | |||
r-oldrel-macos-x86_64 | 1.0.0 | 64.00 | NOTE | |||
r-oldrel-windows-x86_64 | 1.0.0 | 8.00 | 65.00 | 73.00 | OK |
Version: 1.0.0
Check: package dependencies
Result: NOTE
Package suggested but not available for checking: ‘INLA’
Flavors: r-oldrel-macos-arm64, r-oldrel-macos-x86_64
Version: 1.0.0
Check: Rd cross-references
Result: NOTE
Package unavailable to check Rd xrefs: ‘INLA’
Flavors: r-oldrel-macos-arm64, r-oldrel-macos-x86_64