Last updated on 2025-11-24 04:49:50 CET.
| Flavor | Version | Tinstall | Tcheck | Ttotal | Status | Flags |
|---|---|---|---|---|---|---|
| r-devel-linux-x86_64-debian-clang | 0.7.0 | 5.15 | 67.55 | 72.70 | OK | |
| r-devel-linux-x86_64-debian-gcc | 0.7.0 | 3.42 | 48.27 | 51.69 | OK | |
| r-devel-linux-x86_64-fedora-clang | 0.7.0 | 12.00 | 97.17 | 109.17 | OK | |
| r-devel-windows-x86_64 | 0.7.0 | 7.00 | 249.00 | 256.00 | OK | |
| r-patched-linux-x86_64 | 0.7.0 | 5.01 | 60.63 | 65.64 | OK | |
| r-release-linux-x86_64 | 0.7.0 | 3.92 | 61.63 | 65.55 | OK | |
| r-release-macos-arm64 | 0.7.0 | OK | ||||
| r-release-macos-x86_64 | 0.7.0 | 4.00 | 460.00 | 464.00 | OK | |
| r-release-windows-x86_64 | 0.7.0 | 7.00 | 238.00 | 245.00 | ERROR | |
| r-oldrel-macos-arm64 | 0.7.0 | OK | ||||
| r-oldrel-macos-x86_64 | 0.7.0 | 6.00 | 449.00 | 455.00 | OK | |
| r-oldrel-windows-x86_64 | 0.7.0 | 9.00 | 237.00 | 246.00 | OK |
Version: 0.7.0
Check: tests
Result: ERROR
Running 'testthat.R' [175s]
Running the tests in 'tests/testthat.R' failed.
Complete output:
> # This file is part of the standard setup for testthat.
> # It is recommended that you do not modify it.
> #
> # Where should you do additional test configuration?
> # Learn more about the roles of various files in:
> # * https://r-pkgs.org/testing-design.html#sec-tests-files-overview
> # * https://testthat.r-lib.org/articles/special-files.html
>
> library(testthat)
> library(BFS)
>
> test_check("BFS")
=>----------------------------- 3% | ETA: 47s
===>--------------------------- 8% | ETA: 48s
====>-------------------------- 14% | ETA: 45s
======>------------------------ 19% | ETA: 45s
=======>----------------------- 25% | ETA: 41s
=========>--------------------- 31% | ETA: 37s
===========>------------------- 37% | ETA: 34s
=============>----------------- 42% | ETA: 30s
==============>---------------- 48% | ETA: 28s
================>-------------- 52% | ETA: 26s
=================>------------- 58% | ETA: 23s
===================>----------- 63% | ETA: 20s
=====================>--------- 68% | ETA: 17s
======================>-------- 74% | ETA: 14s
========================>------ 79% | ETA: 12s
==========================>---- 85% | ETA: 8s
===========================>--- 91% | ETA: 5s
=============================>- 96% | ETA: 2s
Saving _problems/test-bfs_get_data_comments-24.R
> Waiting 15s for retry backoff
[ FAIL 1 | WARN 1 | SKIP 9 | PASS 59 ]
══ Skipped tests (9) ═══════════════════════════════════════════════════════════
• On CRAN (9): 'test-bfs_download_geodata.R:6:3',
'test-bfs_get_base_maps.R:5:3', 'test-bfs_get_base_maps.R:15:3',
'test-bfs_get_base_maps.R:25:3', 'test-bfs_get_base_maps.R:35:3',
'test-bfs_get_base_maps.R:45:3', 'test-bfs_get_base_maps.R:53:3',
'test-bfs_get_base_maps.R:63:3', 'test-bfs_get_base_maps.R:73:3'
══ Failed tests ════════════════════════════════════════════════════════════════
── Error ('test-bfs_get_data_comments.R:16:3'): bfs_get_data_comments() query argument ──
<http_429/http_400/http_error/error/condition>
Error in `pxweb_advanced_get(url = url, query = query, verbose = verbose)`: Too Many Requests (RFC 6585) (HTTP 429).
Backtrace:
▆
1. └─BFS::bfs_get_data_comments(...) at test-bfs_get_data_comments.R:16:3
2. └─pxweb::pxweb_get(url = pxweb_api_url, query = pxq)
3. └─pxweb::pxweb_advanced_get(url = url, query = query, verbose = verbose)
4. └─pxweb::pxweb_get(px)
5. └─pxweb::pxweb_advanced_get(url = url, query = query, verbose = verbose)
6. └─httr::stop_for_status(r)
[ FAIL 1 | WARN 1 | SKIP 9 | PASS 59 ]
Error:
! Test failures.
Execution halted
Flavor: r-release-windows-x86_64