Last updated on 2025-10-31 04:50:41 CET.
| Flavor | Version | Tinstall | Tcheck | Ttotal | Status | Flags | 
|---|---|---|---|---|---|---|
| r-devel-linux-x86_64-debian-clang | 2012.04-1 | 1.34 | 23.09 | 24.43 | NOTE | |
| r-devel-linux-x86_64-debian-gcc | 2012.04-1 | 1.13 | 19.57 | 20.70 | NOTE | |
| r-devel-linux-x86_64-fedora-clang | 2012.04-1 | 37.13 | NOTE | |||
| r-devel-linux-x86_64-fedora-gcc | 2012.04-1 | 35.24 | NOTE | |||
| r-devel-windows-x86_64 | 2012.04-1 | 2.00 | 46.00 | 48.00 | NOTE | |
| r-patched-linux-x86_64 | 2012.04-1 | 1.63 | 21.55 | 23.18 | NOTE | |
| r-release-linux-x86_64 | 2012.04-1 | 1.45 | 21.77 | 23.22 | NOTE | |
| r-release-macos-arm64 | 2012.04-1 | 1.00 | 17.00 | 18.00 | NOTE | |
| r-release-macos-x86_64 | 2012.04-1 | 2.00 | 38.00 | 40.00 | NOTE | |
| r-release-windows-x86_64 | 2012.04-1 | 3.00 | 49.00 | 52.00 | NOTE | |
| r-oldrel-macos-arm64 | 2012.04-1 | 1.00 | 19.00 | 20.00 | NOTE | |
| r-oldrel-macos-x86_64 | 2012.04-1 | 1.00 | 27.00 | 28.00 | NOTE | |
| r-oldrel-windows-x86_64 | 2012.04-1 | 2.00 | 53.00 | 55.00 | NOTE | 
Version: 2012.04-1
Check: CRAN incoming feasibility
Result: NOTE
  Maintainer: ‘Kjetil Halvorsen <kjetil1001@gmail.com>’
  
  No Authors@R field in DESCRIPTION.
  Please add one, modifying
    Authors@R: c(person(given = c("Compiled", "by", "Kjetil"),
                        family = "Halvorsen",
                        role = "aut"),
                 person(given = "Kjetil",
                        family = "Halvorsen",
                        role = "cre",
                        email = "kjetil1001@gmail.com"))
  as necessary.
Flavors: r-devel-linux-x86_64-debian-clang, r-devel-linux-x86_64-debian-gcc
Version: 2012.04-1
Check: Rd files
Result: NOTE
  checkRd: (-1) dilution.Rd:13: Escaped LaTeX specials: \$
  checkRd: (-1) dilution.Rd:15: Escaped LaTeX specials: \$
  checkRd: (-1) dilution.Rd:16: Escaped LaTeX specials: \$
  checkRd: (-1) dilution.Rd:17: Escaped LaTeX specials: \$
  checkRd: (-1) personality.Rd:15: Escaped LaTeX specials: \$
  checkRd: (-1) personality.Rd:16: Escaped LaTeX specials: \$
  checkRd: (-1) personality.Rd:17: Escaped LaTeX specials: \$
Flavors: r-devel-linux-x86_64-debian-clang, r-devel-linux-x86_64-debian-gcc, r-devel-linux-x86_64-fedora-clang, r-devel-linux-x86_64-fedora-gcc, r-devel-windows-x86_64, r-patched-linux-x86_64, r-release-linux-x86_64, r-release-macos-arm64, r-release-macos-x86_64, r-release-windows-x86_64, r-oldrel-macos-arm64, r-oldrel-macos-x86_64, r-oldrel-windows-x86_64