Last updated on 2025-05-15 05:50:17 CEST.
Flavor | Version | Tinstall | Tcheck | Ttotal | Status | Flags |
---|---|---|---|---|---|---|
r-devel-linux-x86_64-debian-clang | 2.1 | 9.97 | 21.35 | 31.32 | NOTE | |
r-devel-linux-x86_64-debian-gcc | 2.1 | 6.73 | 16.89 | 23.62 | NOTE | |
r-devel-linux-x86_64-fedora-clang | 2.1 | 52.70 | NOTE | |||
r-devel-linux-x86_64-fedora-gcc | 2.1 | 53.59 | NOTE | |||
r-devel-windows-x86_64 | 2.1 | 16.00 | 42.00 | 58.00 | NOTE | |
r-patched-linux-x86_64 | 2.1 | 8.65 | 20.45 | 29.10 | NOTE | |
r-release-linux-x86_64 | 2.1 | 7.79 | 20.40 | 28.19 | NOTE | |
r-release-macos-arm64 | 2.1 | 21.00 | NOTE | |||
r-release-macos-x86_64 | 2.1 | 44.00 | NOTE | |||
r-release-windows-x86_64 | 2.1 | 15.00 | 43.00 | 58.00 | NOTE | |
r-oldrel-macos-arm64 | 2.1 | 24.00 | NOTE | |||
r-oldrel-macos-x86_64 | 2.1 | 28.00 | NOTE | |||
r-oldrel-windows-x86_64 | 2.1 | 15.00 | 42.00 | 57.00 | NOTE |
Version: 2.1
Check: CRAN incoming feasibility
Result: NOTE
Maintainer: ‘Jesse Windle <jesse.windle@gmail.com>’
Package CITATION file contains call(s) to old-style personList() or
as.personList(). Please use c() on person objects instead.
Package CITATION file contains call(s) to old-style citEntry(). Please
use bibentry() instead.
Flavors: r-devel-linux-x86_64-debian-clang, r-devel-linux-x86_64-debian-gcc
Version: 2.1
Check: package subdirectories
Result: NOTE
Problems with news in ‘NEWS.md’:
No news entries found.
Flavors: r-devel-linux-x86_64-debian-clang, r-devel-linux-x86_64-debian-gcc, r-devel-linux-x86_64-fedora-clang, r-devel-linux-x86_64-fedora-gcc, r-devel-windows-x86_64, r-patched-linux-x86_64, r-release-linux-x86_64, r-release-macos-arm64, r-release-macos-x86_64, r-release-windows-x86_64, r-oldrel-macos-arm64, r-oldrel-macos-x86_64, r-oldrel-windows-x86_64