CRAN Package Check Results for Package BayesianPlatformDesignTimeTrend

Last updated on 2025-04-17 05:49:38 CEST.

Flavor Version Tinstall Tcheck Ttotal Status Flags
r-devel-linux-x86_64-debian-clang 1.2.3 298.05 185.14 483.19 OK
r-devel-linux-x86_64-debian-gcc 1.2.3 241.11 155.99 397.10 OK
r-devel-linux-x86_64-fedora-clang 1.2.3 768.43 OK
r-devel-linux-x86_64-fedora-gcc 1.2.3 1012.50 OK
r-devel-windows-x86_64 1.2.3 311.00 237.00 548.00 OK
r-patched-linux-x86_64 1.2.3 288.91 215.71 504.62 OK
r-release-linux-x86_64 1.2.3 358.50 213.63 572.13 OK
r-release-macos-arm64 1.2.3 204.00 OK
r-release-macos-x86_64 1.2.3 266.00 OK
r-release-windows-x86_64 1.2.3 328.00 239.00 567.00 OK
r-oldrel-macos-arm64 1.2.3 115.00 NOTE
r-oldrel-macos-x86_64 1.2.3 145.00 NOTE
r-oldrel-windows-x86_64 1.2.3 319.00 295.00 614.00 NOTE

Check Details

Version: 1.2.3
Check: installed package size
Result: NOTE installed size is 87.7Mb sub-directories of 1Mb or more: data 1.3Mb help 1.8Mb libs 83.5Mb Flavors: r-oldrel-macos-arm64, r-oldrel-macos-x86_64, r-oldrel-windows-x86_64

Version: 1.2.3
Check: for GNU extensions in Makefiles
Result: NOTE GNU make is a SystemRequirements. Flavors: r-oldrel-macos-arm64, r-oldrel-macos-x86_64, r-oldrel-windows-x86_64