Last updated on 2025-11-24 04:49:50 CET.
| Flavor | Version | Tinstall | Tcheck | Ttotal | Status | Flags |
|---|---|---|---|---|---|---|
| r-devel-linux-x86_64-debian-clang | 3.0.1 | 136.99 | 114.53 | 251.52 | NOTE | |
| r-devel-linux-x86_64-debian-gcc | 3.0.1 | 91.30 | 83.48 | 174.78 | NOTE | |
| r-devel-linux-x86_64-fedora-clang | 3.0.1 | 136.00 | 302.84 | 438.84 | NOTE | |
| r-devel-windows-x86_64 | 3.0.1 | 164.00 | 134.00 | 298.00 | NOTE | |
| r-patched-linux-x86_64 | 3.0.1 | 140.25 | 112.52 | 252.77 | NOTE | |
| r-release-linux-x86_64 | 3.0.1 | 135.54 | 108.68 | 244.22 | NOTE | |
| r-release-macos-arm64 | 3.0.1 | NOTE | ||||
| r-release-macos-x86_64 | 3.0.1 | 44.00 | 85.00 | 129.00 | NOTE | |
| r-release-windows-x86_64 | 3.0.1 | 151.00 | 130.00 | 281.00 | NOTE | |
| r-oldrel-macos-arm64 | 3.0.1 | NOTE | ||||
| r-oldrel-macos-x86_64 | 3.0.1 | 34.00 | 131.00 | 165.00 | NOTE | |
| r-oldrel-windows-x86_64 | 3.0.1 | 174.00 | 151.00 | 325.00 | OK |
Version: 3.0.1
Check: DESCRIPTION meta-information
Result: NOTE
Missing dependency on R >= 4.1.0 because package code uses the pipe
|> or function shorthand \(...) syntax added in R 4.1.0.
File(s) using such syntax:
‘BranchGLM.R’ ‘BranchGLMTable.R’ ‘VariableImportance.R’
‘VariableImportance.boot.R’ ‘summaryBranchGLMVS.R’
Flavors: r-devel-linux-x86_64-debian-clang, r-devel-linux-x86_64-debian-gcc, r-devel-linux-x86_64-fedora-clang, r-devel-windows-x86_64, r-patched-linux-x86_64, r-release-linux-x86_64, r-release-macos-arm64, r-release-macos-x86_64, r-release-windows-x86_64
Version: 3.0.1
Check: installed package size
Result: NOTE
installed size is 9.8Mb
sub-directories of 1Mb or more:
libs 9.1Mb
Flavors: r-oldrel-macos-arm64, r-oldrel-macos-x86_64