CRAN Package Check Results for Package CASMAP

Last updated on 2025-07-27 05:48:27 CEST.

Flavor Version Tinstall Tcheck Ttotal Status Flags
r-devel-linux-x86_64-debian-clang 0.6.1 43.32 35.41 78.73 NOTE
r-devel-linux-x86_64-debian-gcc 0.6.1 32.38 28.05 60.43 NOTE
r-devel-linux-x86_64-fedora-clang 0.6.1 166.76 NOTE
r-devel-linux-x86_64-fedora-gcc 0.6.1 149.56 NOTE
r-devel-windows-x86_64 0.6.1 58.00 88.00 146.00 NOTE
r-patched-linux-x86_64 0.6.1 46.08 33.35 79.43 NOTE
r-release-linux-x86_64 0.6.1 44.25 33.20 77.45 NOTE
r-release-macos-arm64 0.6.1 48.00 NOTE
r-release-macos-x86_64 0.6.1 70.00 NOTE
r-release-windows-x86_64 0.6.1 60.00 87.00 147.00 NOTE
r-oldrel-macos-arm64 0.6.1 48.00 NOTE
r-oldrel-macos-x86_64 0.6.1 59.00 NOTE
r-oldrel-windows-x86_64 0.6.1 67.00 98.00 165.00 NOTE

Check Details

Version: 0.6.1
Check: C++ specification
Result: NOTE Specified C++11: please drop specification unless essential Flavors: r-devel-linux-x86_64-debian-clang, r-devel-linux-x86_64-debian-gcc, r-devel-linux-x86_64-fedora-clang, r-devel-linux-x86_64-fedora-gcc, r-devel-windows-x86_64, r-patched-linux-x86_64, r-release-linux-x86_64, r-release-macos-arm64, r-release-macos-x86_64, r-release-windows-x86_64, r-oldrel-macos-arm64, r-oldrel-macos-x86_64, r-oldrel-windows-x86_64

Version: 0.6.1
Check: installed package size
Result: NOTE installed size is 5.6Mb sub-directories of 1Mb or more: libs 4.8Mb Flavors: r-oldrel-macos-arm64, r-oldrel-macos-x86_64

Version: 0.6.1
Check: LazyData
Result: NOTE 'LazyData' is specified without a 'data' directory Flavors: r-oldrel-macos-arm64, r-oldrel-macos-x86_64, r-oldrel-windows-x86_64