Last updated on 2025-11-02 04:49:46 CET.
| Flavor | Version | Tinstall | Tcheck | Ttotal | Status | Flags |
|---|---|---|---|---|---|---|
| r-devel-linux-x86_64-debian-clang | 0.1.1 | 7.79 | 25.94 | 33.73 | NOTE | |
| r-devel-linux-x86_64-debian-gcc | 0.1.1 | 6.04 | 21.41 | 27.45 | NOTE | |
| r-devel-linux-x86_64-fedora-clang | 0.1.1 | 16.00 | 33.49 | 49.49 | NOTE | |
| r-devel-linux-x86_64-fedora-gcc | 0.1.1 | 15.00 | 33.48 | 48.48 | NOTE | |
| r-devel-windows-x86_64 | 0.1.1 | 8.00 | 48.00 | 56.00 | NOTE | |
| r-patched-linux-x86_64 | 0.1.1 | 8.72 | 24.82 | 33.54 | NOTE | |
| r-release-linux-x86_64 | 0.1.1 | 7.12 | 24.77 | 31.89 | NOTE | |
| r-release-macos-arm64 | 0.1.1 | 5.00 | 22.00 | 27.00 | NOTE | |
| r-release-macos-x86_64 | 0.1.1 | 9.00 | 34.00 | 43.00 | NOTE | |
| r-release-windows-x86_64 | 0.1.1 | 9.00 | 46.00 | 55.00 | NOTE | |
| r-oldrel-macos-arm64 | 0.1.1 | 5.00 | 18.00 | 23.00 | NOTE | |
| r-oldrel-macos-x86_64 | 0.1.1 | 7.00 | 26.00 | 33.00 | NOTE | |
| r-oldrel-windows-x86_64 | 0.1.1 | 11.00 | 53.00 | 64.00 | NOTE |
Version: 0.1.1
Check: Rd files
Result: NOTE
checkRd: (-1) CMAPSS.Rd:10: Lost braces
10 | \item \code{train}{ a list of class "hhsmm.data" as the train dataset}
| ^
checkRd: (-1) CMAPSS.Rd:11: Lost braces
11 | \item \code{test}{ a list of class "hhsmm.data" as the test dataset}
| ^
checkRd: (-1) CMAPSS.Rd:12: Lost braces
12 | \item \code{subsets}{ a matrix containig the number of units in each subset of the CMAPSS data set (FD001-FD004) for the train and test datasets}
| ^
Flavors: r-devel-linux-x86_64-debian-clang, r-devel-linux-x86_64-debian-gcc, r-devel-linux-x86_64-fedora-clang, r-devel-linux-x86_64-fedora-gcc, r-devel-windows-x86_64, r-patched-linux-x86_64, r-release-linux-x86_64, r-release-macos-arm64, r-release-macos-x86_64, r-release-windows-x86_64, r-oldrel-macos-arm64, r-oldrel-macos-x86_64, r-oldrel-windows-x86_64
Version: 0.1.1
Check: dependencies in R code
Result: NOTE
Namespace in Imports field not imported from: ‘Rdpack’
All declared Imports should be used.
Flavors: r-devel-linux-x86_64-fedora-clang, r-devel-linux-x86_64-fedora-gcc
Version: 0.1.1
Check: installed package size
Result: NOTE
installed size is 6.2Mb
sub-directories of 1Mb or more:
data 6.2Mb
Flavors: r-oldrel-macos-arm64, r-oldrel-macos-x86_64, r-oldrel-windows-x86_64