CRAN Package Check Results for Package CPBayes

Last updated on 2025-07-27 05:48:28 CEST.

Flavor Version Tinstall Tcheck Ttotal Status Flags
r-devel-linux-x86_64-debian-clang 1.1.0 4.07 72.79 76.86 NOTE
r-devel-linux-x86_64-debian-gcc 1.1.0 3.01 48.42 51.43 NOTE
r-devel-linux-x86_64-fedora-clang 1.1.0 122.19 OK
r-devel-linux-x86_64-fedora-gcc 1.1.0 128.58 OK
r-devel-windows-x86_64 1.1.0 6.00 86.00 92.00 OK
r-patched-linux-x86_64 1.1.0 4.52 67.83 72.35 OK
r-release-linux-x86_64 1.1.0 3.69 67.94 71.63 OK
r-release-macos-arm64 1.1.0 55.00 OK
r-release-macos-x86_64 1.1.0 91.00 OK
r-release-windows-x86_64 1.1.0 5.00 83.00 88.00 OK
r-oldrel-macos-arm64 1.1.0 41.00 OK
r-oldrel-macos-x86_64 1.1.0 65.00 OK
r-oldrel-windows-x86_64 1.1.0 8.00 106.00 114.00 OK

Check Details

Version: 1.1.0
Check: CRAN incoming feasibility
Result: NOTE Maintainer: ‘Arunabha Majumdar <statgen.arunabha@gmail.com>’ No Authors@R field in DESCRIPTION. Please add one, modifying Authors@R: c(person(given = "Arunabha", family = "Majumdar", role = c("aut", "cre"), email = "statgen.arunabha@gmail.com"), person(given = "Tanushree", family = "Haldar", role = "aut", email = "tanushree.haldar@gmail.com"), person(given = "John", family = "Witte", role = "ctb")) as necessary. Flavors: r-devel-linux-x86_64-debian-clang, r-devel-linux-x86_64-debian-gcc