Last updated on 2025-11-24 04:49:52 CET.
| Flavor | Version | Tinstall | Tcheck | Ttotal | Status | Flags |
|---|---|---|---|---|---|---|
| r-devel-linux-x86_64-debian-clang | 0.1.0 | 13.03 | 40.59 | 53.62 | NOTE | |
| r-devel-linux-x86_64-debian-gcc | 0.1.0 | 8.99 | 31.08 | 40.07 | NOTE | |
| r-devel-linux-x86_64-fedora-clang | 0.1.0 | 37.00 | 49.52 | 86.52 | OK | |
| r-devel-windows-x86_64 | 0.1.0 | 24.00 | 75.00 | 99.00 | OK | |
| r-patched-linux-x86_64 | 0.1.0 | 13.23 | 37.81 | 51.04 | OK | |
| r-release-linux-x86_64 | 0.1.0 | 12.95 | 37.82 | 50.77 | OK | |
| r-release-macos-arm64 | 0.1.0 | OK | ||||
| r-release-macos-x86_64 | 0.1.0 | 9.00 | 51.00 | 60.00 | OK | |
| r-release-windows-x86_64 | 0.1.0 | 20.00 | 87.00 | 107.00 | OK | |
| r-oldrel-macos-arm64 | 0.1.0 | OK | ||||
| r-oldrel-macos-x86_64 | 0.1.0 | 9.00 | 42.00 | 51.00 | OK | |
| r-oldrel-windows-x86_64 | 0.1.0 | 22.00 | 89.00 | 111.00 | OK |
Version: 0.1.0
Check: CRAN incoming feasibility
Result: NOTE
Maintainer: ‘Dae Woong Ham <daewoongham@g.harvard.edu>’
The Description field contains
to Test Causal Hypotheses in Conjoint Analysis" <arXiv:2201.08343>.
Please refer to arXiv e-prints via their arXiv DOI <doi:10.48550/arXiv.YYMM.NNNNN>.
Flavors: r-devel-linux-x86_64-debian-clang, r-devel-linux-x86_64-debian-gcc