Last updated on 2025-07-28 05:50:20 CEST.
Flavor | Version | Tinstall | Tcheck | Ttotal | Status | Flags |
---|---|---|---|---|---|---|
r-devel-linux-x86_64-debian-clang | 1.2.0 | 11.65 | 107.87 | 119.52 | OK | |
r-devel-linux-x86_64-debian-gcc | 1.2.0 | 9.07 | 77.67 | 86.74 | OK | |
r-devel-linux-x86_64-fedora-clang | 1.2.0 | 185.51 | OK | |||
r-devel-linux-x86_64-fedora-gcc | 1.2.0 | 174.62 | OK | |||
r-devel-windows-x86_64 | 1.2.0 | 16.00 | 106.00 | 122.00 | OK | |
r-patched-linux-x86_64 | 1.2.0 | 11.51 | 100.66 | 112.17 | OK | |
r-release-linux-x86_64 | 1.2.0 | 10.91 | 101.11 | 112.02 | OK | |
r-release-macos-arm64 | 1.2.0 | 50.00 | OK | |||
r-release-macos-x86_64 | 1.2.0 | 92.00 | OK | |||
r-release-windows-x86_64 | 1.2.0 | 15.00 | 102.00 | 117.00 | OK | |
r-oldrel-macos-arm64 | 1.2.0 | 50.00 | NOTE | |||
r-oldrel-macos-x86_64 | 1.2.0 | 81.00 | NOTE | |||
r-oldrel-windows-x86_64 | 1.2.0 | 14.00 | 124.00 | 138.00 | NOTE |
Version: 1.2.0
Check: LazyData
Result: NOTE
'LazyData' is specified without a 'data' directory
Flavors: r-oldrel-macos-arm64, r-oldrel-macos-x86_64, r-oldrel-windows-x86_64