Last updated on 2025-11-24 04:49:51 CET.
| Flavor | Version | Tinstall | Tcheck | Ttotal | Status | Flags |
|---|---|---|---|---|---|---|
| r-devel-linux-x86_64-debian-clang | 0.3 | 64.23 | 131.61 | 195.84 | NOTE | |
| r-devel-linux-x86_64-debian-gcc | 0.3 | 42.25 | 94.89 | 137.14 | NOTE | |
| r-devel-linux-x86_64-fedora-clang | 0.3 | 120.00 | 211.77 | 331.77 | NOTE | |
| r-devel-windows-x86_64 | 0.3 | 80.00 | 148.00 | 228.00 | NOTE | |
| r-patched-linux-x86_64 | 0.3 | 58.63 | 124.62 | 183.25 | NOTE | |
| r-release-linux-x86_64 | 0.3 | 64.69 | 121.50 | 186.19 | NOTE | |
| r-release-macos-arm64 | 0.3 | NOTE | ||||
| r-release-macos-x86_64 | 0.3 | 30.00 | 114.00 | 144.00 | NOTE | |
| r-release-windows-x86_64 | 0.3 | 80.00 | 146.00 | 226.00 | NOTE | |
| r-oldrel-macos-arm64 | 0.3 | NOTE | ||||
| r-oldrel-macos-x86_64 | 0.3 | 15.00 | 65.00 | 80.00 | NOTE | |
| r-oldrel-windows-x86_64 | 0.3 | 95.00 | 186.00 | 281.00 | NOTE |
Version: 0.3
Check: DESCRIPTION meta-information
Result: NOTE
Missing dependency on R >= 4.1.0 because package code uses the pipe
|> or function shorthand \(...) syntax added in R 4.1.0.
File(s) using such syntax:
‘CBRBase.R’ ‘RFModel.R’ ‘RegressionModel.R’ ‘distance.R’
‘generate_grid.R’ ‘utils.R’
Flavors: r-devel-linux-x86_64-debian-clang, r-devel-linux-x86_64-debian-gcc, r-devel-linux-x86_64-fedora-clang, r-devel-windows-x86_64, r-patched-linux-x86_64, r-release-linux-x86_64, r-release-macos-arm64, r-release-macos-x86_64, r-release-windows-x86_64
Version: 0.3
Check: for GNU extensions in Makefiles
Result: NOTE
GNU make is a SystemRequirements.
Flavors: r-oldrel-macos-arm64, r-oldrel-macos-x86_64, r-oldrel-windows-x86_64