CRAN Package Check Results for Package CatEncoders

Last updated on 2025-10-05 05:49:28 CEST.

Flavor Version Tinstall Tcheck Ttotal Status Flags
r-devel-linux-x86_64-debian-clang 0.1.1 2.39 25.37 27.76 NOTE
r-devel-linux-x86_64-debian-gcc 0.1.1 1.56 20.32 21.88 NOTE
r-devel-linux-x86_64-fedora-clang 0.1.1 39.60 NOTE
r-devel-linux-x86_64-fedora-gcc 0.1.1 38.85 NOTE
r-devel-windows-x86_64 0.1.1 3.00 44.00 47.00 OK
r-patched-linux-x86_64 0.1.1 2.05 23.36 25.41 OK
r-release-linux-x86_64 0.1.1 1.85 23.15 25.00 OK
r-release-macos-arm64 0.1.1 21.00 OK
r-release-macos-x86_64 0.1.1 30.00 OK
r-release-windows-x86_64 0.1.1 4.00 50.00 54.00 OK
r-oldrel-macos-arm64 0.1.1 17.00 NOTE
r-oldrel-macos-x86_64 0.1.1 28.00 NOTE
r-oldrel-windows-x86_64 0.1.1 4.00 50.00 54.00 NOTE

Check Details

Version: 0.1.1
Check: CRAN incoming feasibility
Result: NOTE Maintainer: ‘nl zhang <setseed2016@gmail.com>’ No Authors@R field in DESCRIPTION. Please add one, modifying Authors@R: person(given = "nl", family = "zhang", role = c("aut", "cre"), email = "setseed2016@gmail.com") as necessary. Flavors: r-devel-linux-x86_64-debian-clang, r-devel-linux-x86_64-debian-gcc

Version: 0.1.1
Check: dependencies in R code
Result: NOTE Namespace in Imports field not imported from: ‘Matrix’ All declared Imports should be used. Flavors: r-devel-linux-x86_64-fedora-clang, r-devel-linux-x86_64-fedora-gcc

Version: 0.1.1
Check: LazyData
Result: NOTE 'LazyData' is specified without a 'data' directory Flavors: r-oldrel-macos-arm64, r-oldrel-macos-x86_64, r-oldrel-windows-x86_64