CRAN Package Check Results for Package CliquePercolation

Last updated on 2025-07-20 05:48:19 CEST.

Flavor Version Tinstall Tcheck Ttotal Status Flags
r-devel-linux-x86_64-debian-clang 0.4.0 3.86 118.04 121.90 NOTE
r-devel-linux-x86_64-debian-gcc 0.4.0 2.67 82.55 85.22 NOTE
r-devel-linux-x86_64-fedora-clang 0.4.0 184.13 OK
r-devel-linux-x86_64-fedora-gcc 0.4.0 193.55 OK
r-devel-windows-x86_64 0.4.0 6.00 110.00 116.00 OK
r-patched-linux-x86_64 0.4.0 2.69 112.08 114.77 OK
r-release-linux-x86_64 0.4.0 3.46 113.34 116.80 OK
r-release-macos-arm64 0.4.0 55.00 OK
r-release-macos-x86_64 0.4.0 98.00 OK
r-release-windows-x86_64 0.4.0 5.00 109.00 114.00 OK
r-oldrel-macos-arm64 0.4.0 49.00 OK
r-oldrel-macos-x86_64 0.4.0 80.00 OK
r-oldrel-windows-x86_64 0.4.0 8.00 139.00 147.00 OK

Check Details

Version: 0.4.0
Check: CRAN incoming feasibility
Result: NOTE Maintainer: ‘Jens Lange <lange.jens@outlook.com>’ Package CITATION file contains call(s) to old-style citEntry(). Please use bibentry() instead. Flavors: r-devel-linux-x86_64-debian-clang, r-devel-linux-x86_64-debian-gcc