Last updated on 2025-07-27 05:48:27 CEST.
Flavor | Version | Tinstall | Tcheck | Ttotal | Status | Flags |
---|---|---|---|---|---|---|
r-devel-linux-x86_64-debian-clang | 0.1.4 | 34.40 | 273.75 | 308.15 | OK | |
r-devel-linux-x86_64-debian-gcc | 0.1.4 | 23.64 | 192.98 | 216.62 | OK | |
r-devel-linux-x86_64-fedora-clang | 0.1.4 | 490.86 | OK | |||
r-devel-linux-x86_64-fedora-gcc | 0.1.4 | 501.64 | OK | |||
r-devel-windows-x86_64 | 0.1.4 | 34.00 | 230.00 | 264.00 | OK | |
r-patched-linux-x86_64 | 0.1.4 | 34.31 | 261.38 | 295.69 | OK | |
r-release-linux-x86_64 | 0.1.4 | 31.98 | 256.50 | 288.48 | OK | |
r-release-macos-arm64 | 0.1.3 | 11.00 | ERROR | |||
r-release-macos-x86_64 | 0.1.4 | 144.00 | OK | |||
r-release-windows-x86_64 | 0.1.4 | 35.00 | 233.00 | 268.00 | OK | |
r-oldrel-macos-arm64 | 0.1.3 | 10.00 | ERROR | |||
r-oldrel-macos-x86_64 | 0.1.4 | 152.00 | NOTE | |||
r-oldrel-windows-x86_64 | 0.1.4 | 45.00 | 319.00 | 364.00 | OK |
Version: 0.1.3
Check: package dependencies
Result: ERROR
Package required but not available: ‘TCseq’
Package suggested but not available for checking: ‘monocle’
See section ‘The DESCRIPTION file’ in the ‘Writing R Extensions’
manual.
Flavor: r-release-macos-arm64
Version: 0.1.3
Check: package dependencies
Result: ERROR
Package required but not available: ‘TCseq’
See section ‘The DESCRIPTION file’ in the ‘Writing R Extensions’
manual.
Flavor: r-oldrel-macos-arm64
Version: 0.1.4
Check: package dependencies
Result: NOTE
Packages suggested but not available for checking: 'TCseq', 'monocle'
Flavor: r-oldrel-macos-x86_64