Last updated on 2025-10-09 05:50:52 CEST.
Flavor | Version | Tinstall | Tcheck | Ttotal | Status | Flags |
---|---|---|---|---|---|---|
r-devel-linux-x86_64-debian-clang | 0.3.0 | 9.76 | 98.31 | 108.07 | OK | |
r-devel-linux-x86_64-debian-gcc | 0.3.0 | 7.59 | 68.88 | 76.47 | ERROR | |
r-devel-linux-x86_64-fedora-clang | 0.3.0 | 160.92 | OK | |||
r-devel-linux-x86_64-fedora-gcc | 0.3.0 | 164.05 | OK | |||
r-devel-windows-x86_64 | 0.3.0 | 16.00 | 121.00 | 137.00 | OK | |
r-patched-linux-x86_64 | 0.3.0 | 10.60 | 92.61 | 103.21 | ERROR | |
r-release-linux-x86_64 | 0.3.0 | 10.78 | 91.72 | 102.50 | OK | |
r-release-macos-arm64 | 0.3.0 | 83.00 | OK | |||
r-release-macos-x86_64 | 0.3.0 | 191.00 | OK | |||
r-release-windows-x86_64 | 0.3.0 | 13.00 | 132.00 | 145.00 | OK | |
r-oldrel-macos-arm64 | 0.3.0 | 93.00 | NOTE | |||
r-oldrel-macos-x86_64 | 0.3.0 | 226.00 | NOTE | |||
r-oldrel-windows-x86_64 | 0.3.0 | 17.00 | 154.00 | 171.00 | ERROR |
Version: 0.3.0
Check: tests
Result: ERROR
Running ‘testthat.R’ [11s/26s]
Running the tests in ‘tests/testthat.R’ failed.
Complete output:
> # This file is part of the standard setup for testthat.
> # It is recommended that you do not modify it.
> #
> # Where should you do additional test configuration?
> # Learn more about the roles of various files in:
> # * https://r-pkgs.org/testing-design.html#sec-tests-files-overview
> # * https://testthat.r-lib.org/articles/special-files.html
>
> library(testthat)
> library(ColombiAPI)
>
> test_check("ColombiAPI")
Datasets available in the 'ColombiAPI' package:
Datasets available in the 'ColombiAPI' package:
[ FAIL 2 | WARN 0 | SKIP 159 | PASS 671 ]
══ Skipped tests (159) ═════════════════════════════════════════════════════════
• On CRAN (159): 'test-get_colombia_airports.R:24:3',
'test-get_colombia_airports.R:36:3', 'test-get_colombia_airports.R:51:3',
'test-get_colombia_airports.R:60:3', 'test-get_colombia_airports.R:68:3',
'test-get_colombia_airports.R:80:3', 'test-get_colombia_airports.R:92:3',
'test-get_colombia_airports.R:104:3', 'test-get_colombia_airports.R:112:3',
'test-get_colombia_airports.R:121:3', 'test-get_colombia_airports.R:142:3',
'test-get_colombia_airports.R:156:3', 'test-get_colombia_airports.R:166:3',
'test-get_colombia_airports.R:176:3', 'test-get_colombia_airports.R:186:3',
'test-get_colombia_airports.R:198:3', 'test-get_colombia_attractions.R:24:3',
'test-get_colombia_attractions.R:35:3',
'test-get_colombia_attractions.R:47:3',
'test-get_colombia_attractions.R:55:3',
'test-get_colombia_attractions.R:66:3',
'test-get_colombia_attractions.R:75:3',
'test-get_colombia_attractions.R:84:3',
'test-get_colombia_attractions.R:101:3',
'test-get_colombia_attractions.R:113:3',
'test-get_colombia_attractions.R:123:3',
'test-get_colombia_attractions.R:133:3',
'test-get_colombia_attractions.R:142:3',
'test-get_colombia_attractions.R:152:3',
'test-get_colombia_attractions.R:163:3',
'test-get_colombia_attractions.R:171:3',
'test-get_colombia_attractions.R:185:3',
'test-get_colombia_child_mortality.R:23:3',
'test-get_colombia_child_mortality.R:38:3',
'test-get_colombia_child_mortality.R:47:3',
'test-get_colombia_child_mortality.R:55:3',
'test-get_colombia_child_mortality.R:63:3',
'test-get_colombia_child_mortality.R:71:3',
'test-get_colombia_child_mortality.R:79:3',
'test-get_colombia_cities.R:23:3', 'test-get_colombia_cities.R:34:3',
'test-get_colombia_cities.R:42:3', 'test-get_colombia_cities.R:51:3',
'test-get_colombia_cities.R:63:3', 'test-get_colombia_cities.R:81:3',
'test-get_colombia_cities.R:93:3', 'test-get_colombia_cities.R:102:3',
'test-get_colombia_cities.R:116:3', 'test-get_colombia_cities.R:126:3',
'test-get_colombia_cities.R:134:3', 'test-get_colombia_cities.R:142:3',
'test-get_colombia_cities.R:152:3', 'test-get_colombia_cities.R:160:3',
'test-get_colombia_cpi.R:24:3', 'test-get_colombia_cpi.R:39:3',
'test-get_colombia_cpi.R:48:3', 'test-get_colombia_cpi.R:56:3',
'test-get_colombia_cpi.R:64:3', 'test-get_colombia_cpi.R:72:3',
'test-get_colombia_cpi.R:80:3', 'test-get_colombia_cpi.R:88:3',
'test-get_colombia_departments.R:24:3',
'test-get_colombia_departments.R:36:3',
'test-get_colombia_departments.R:50:3',
'test-get_colombia_departments.R:59:3',
'test-get_colombia_departments.R:68:3',
'test-get_colombia_departments.R:76:3',
'test-get_colombia_departments.R:88:3',
'test-get_colombia_departments.R:102:3',
'test-get_colombia_departments.R:119:3',
'test-get_colombia_departments.R:133:3',
'test-get_colombia_departments.R:145:3',
'test-get_colombia_departments.R:155:3',
'test-get_colombia_departments.R:167:3',
'test-get_colombia_departments.R:179:3',
'test-get_colombia_departments.R:191:3',
'test-get_colombia_energy_use.R:23:3', 'test-get_colombia_energy_use.R:38:3',
'test-get_colombia_energy_use.R:47:3', 'test-get_colombia_energy_use.R:55:3',
'test-get_colombia_energy_use.R:63:3', 'test-get_colombia_energy_use.R:71:3',
'test-get_colombia_energy_use.R:79:3', 'test-get_colombia_energy_use.R:87:3',
'test-get_colombia_gdp.R:23:3', 'test-get_colombia_gdp.R:39:3',
'test-get_colombia_gdp.R:48:3', 'test-get_colombia_gdp.R:56:3',
'test-get_colombia_gdp.R:64:3', 'test-get_colombia_gdp.R:72:3',
'test-get_colombia_gdp.R:80:3', 'test-get_colombia_gdp.R:88:3',
'test-get_colombia_gdp.R:97:3', 'test-get_colombia_holidays.R:24:3',
'test-get_colombia_holidays.R:39:3', 'test-get_colombia_holidays.R:54:3',
'test-get_colombia_holidays.R:64:3', 'test-get_colombia_holidays.R:74:3',
'test-get_colombia_invasive_species.R:24:3',
'test-get_colombia_invasive_species.R:36:3',
'test-get_colombia_invasive_species.R:50:3',
'test-get_colombia_invasive_species.R:59:3',
'test-get_colombia_invasive_species.R:68:3',
'test-get_colombia_invasive_species.R:79:3',
'test-get_colombia_native_communities.R:24:3',
'test-get_colombia_native_communities.R:35:3',
'test-get_colombia_native_communities.R:46:3',
'test-get_colombia_native_communities.R:55:3',
'test-get_colombia_native_communities.R:64:3',
'test-get_colombia_natural_areas.R:24:3',
'test-get_colombia_natural_areas.R:36:3',
'test-get_colombia_natural_areas.R:50:3',
'test-get_colombia_natural_areas.R:64:3',
'test-get_colombia_natural_areas.R:76:3',
'test-get_colombia_presidents.R:24:3', 'test-get_colombia_presidents.R:36:3',
'test-get_colombia_presidents.R:48:3', 'test-get_colombia_presidents.R:57:3',
'test-get_colombia_presidents.R:67:3', 'test-get_colombia_presidents.R:79:3',
'test-get_colombia_presidents.R:92:3',
'test-get_colombia_presidents.R:116:3',
'test-get_colombia_presidents.R:130:3',
'test-get_colombia_presidents.R:140:3',
'test-get_colombia_presidents.R:149:3',
'test-get_colombia_presidents.R:165:3',
'test-get_colombia_presidents.R:174:3', 'test-get_colombia_radios.R:23:3',
'test-get_colombia_radios.R:34:3', 'test-get_colombia_radios.R:45:3',
'test-get_colombia_radios.R:54:3', 'test-get_colombia_radios.R:64:3',
'test-get_colombia_radios.R:73:3', 'test-get_colombia_regions.R:23:3',
'test-get_colombia_regions.R:34:3', 'test-get_colombia_regions.R:43:3',
'test-get_colombia_regions.R:52:3', 'test-get_colombia_regions.R:61:3',
'test-get_colombia_regions.R:70:3', 'test-get_colombia_regions.R:87:3',
'test-get_colombia_regions.R:99:3', 'test-get_colombia_regions.R:108:3',
'test-get_colombia_regions.R:120:3', 'test-get_colombia_regions.R:139:3',
'test-get_colombia_typical_dishes.R:24:3',
'test-get_colombia_typical_dishes.R:35:3',
'test-get_colombia_typical_dishes.R:45:3',
'test-get_colombia_typical_dishes.R:55:3',
'test-get_colombia_typical_dishes.R:65:3',
'test-get_colombia_typical_dishes.R:73:3', 'test-get_country_info_co.R:23:3',
'test-get_country_info_co.R:35:3', 'test-get_country_info_co.R:49:3',
'test-get_country_info_co.R:63:3', 'test-get_country_info_co.R:73:3',
'test-get_country_info_co.R:83:3', 'test-get_country_info_co.R:103:3',
'test-get_country_info_co.R:116:3', 'test-get_country_info_co.R:126:3'
══ Failed tests ════════════════════════════════════════════════════════════════
── Failure ('test-get_colombia_literacy_rate.R:43:3'): get_colombia_literacy_rate() returns a tibble with correct structure and types ──
is.integer(result$value) is not TRUE
`actual`: FALSE
`expected`: TRUE
── Failure ('test-get_colombia_literacy_rate.R:124:3'): get_colombia_literacy_rate() value column is integer or NA ──
is.integer(result$value) is not TRUE
`actual`: FALSE
`expected`: TRUE
[ FAIL 2 | WARN 0 | SKIP 159 | PASS 671 ]
Error: Test failures
Execution halted
Flavor: r-devel-linux-x86_64-debian-gcc
Version: 0.3.0
Check: tests
Result: ERROR
Running ‘testthat.R’ [18s/78s]
Running the tests in ‘tests/testthat.R’ failed.
Complete output:
> # This file is part of the standard setup for testthat.
> # It is recommended that you do not modify it.
> #
> # Where should you do additional test configuration?
> # Learn more about the roles of various files in:
> # * https://r-pkgs.org/testing-design.html#sec-tests-files-overview
> # * https://testthat.r-lib.org/articles/special-files.html
>
> library(testthat)
> library(ColombiAPI)
>
> test_check("ColombiAPI")
Datasets available in the 'ColombiAPI' package:
Datasets available in the 'ColombiAPI' package:
[ FAIL 2 | WARN 0 | SKIP 159 | PASS 671 ]
══ Skipped tests (159) ═════════════════════════════════════════════════════════
• On CRAN (159): 'test-get_colombia_airports.R:24:3',
'test-get_colombia_airports.R:36:3', 'test-get_colombia_airports.R:51:3',
'test-get_colombia_airports.R:60:3', 'test-get_colombia_airports.R:68:3',
'test-get_colombia_airports.R:80:3', 'test-get_colombia_airports.R:92:3',
'test-get_colombia_airports.R:104:3', 'test-get_colombia_airports.R:112:3',
'test-get_colombia_airports.R:121:3', 'test-get_colombia_airports.R:142:3',
'test-get_colombia_airports.R:156:3', 'test-get_colombia_airports.R:166:3',
'test-get_colombia_airports.R:176:3', 'test-get_colombia_airports.R:186:3',
'test-get_colombia_airports.R:198:3', 'test-get_colombia_attractions.R:24:3',
'test-get_colombia_attractions.R:35:3',
'test-get_colombia_attractions.R:47:3',
'test-get_colombia_attractions.R:55:3',
'test-get_colombia_attractions.R:66:3',
'test-get_colombia_attractions.R:75:3',
'test-get_colombia_attractions.R:84:3',
'test-get_colombia_attractions.R:101:3',
'test-get_colombia_attractions.R:113:3',
'test-get_colombia_attractions.R:123:3',
'test-get_colombia_attractions.R:133:3',
'test-get_colombia_attractions.R:142:3',
'test-get_colombia_attractions.R:152:3',
'test-get_colombia_attractions.R:163:3',
'test-get_colombia_attractions.R:171:3',
'test-get_colombia_attractions.R:185:3',
'test-get_colombia_child_mortality.R:23:3',
'test-get_colombia_child_mortality.R:38:3',
'test-get_colombia_child_mortality.R:47:3',
'test-get_colombia_child_mortality.R:55:3',
'test-get_colombia_child_mortality.R:63:3',
'test-get_colombia_child_mortality.R:71:3',
'test-get_colombia_child_mortality.R:79:3',
'test-get_colombia_cities.R:23:3', 'test-get_colombia_cities.R:34:3',
'test-get_colombia_cities.R:42:3', 'test-get_colombia_cities.R:51:3',
'test-get_colombia_cities.R:63:3', 'test-get_colombia_cities.R:81:3',
'test-get_colombia_cities.R:93:3', 'test-get_colombia_cities.R:102:3',
'test-get_colombia_cities.R:116:3', 'test-get_colombia_cities.R:126:3',
'test-get_colombia_cities.R:134:3', 'test-get_colombia_cities.R:142:3',
'test-get_colombia_cities.R:152:3', 'test-get_colombia_cities.R:160:3',
'test-get_colombia_cpi.R:24:3', 'test-get_colombia_cpi.R:39:3',
'test-get_colombia_cpi.R:48:3', 'test-get_colombia_cpi.R:56:3',
'test-get_colombia_cpi.R:64:3', 'test-get_colombia_cpi.R:72:3',
'test-get_colombia_cpi.R:80:3', 'test-get_colombia_cpi.R:88:3',
'test-get_colombia_departments.R:24:3',
'test-get_colombia_departments.R:36:3',
'test-get_colombia_departments.R:50:3',
'test-get_colombia_departments.R:59:3',
'test-get_colombia_departments.R:68:3',
'test-get_colombia_departments.R:76:3',
'test-get_colombia_departments.R:88:3',
'test-get_colombia_departments.R:102:3',
'test-get_colombia_departments.R:119:3',
'test-get_colombia_departments.R:133:3',
'test-get_colombia_departments.R:145:3',
'test-get_colombia_departments.R:155:3',
'test-get_colombia_departments.R:167:3',
'test-get_colombia_departments.R:179:3',
'test-get_colombia_departments.R:191:3',
'test-get_colombia_energy_use.R:23:3', 'test-get_colombia_energy_use.R:38:3',
'test-get_colombia_energy_use.R:47:3', 'test-get_colombia_energy_use.R:55:3',
'test-get_colombia_energy_use.R:63:3', 'test-get_colombia_energy_use.R:71:3',
'test-get_colombia_energy_use.R:79:3', 'test-get_colombia_energy_use.R:87:3',
'test-get_colombia_gdp.R:23:3', 'test-get_colombia_gdp.R:39:3',
'test-get_colombia_gdp.R:48:3', 'test-get_colombia_gdp.R:56:3',
'test-get_colombia_gdp.R:64:3', 'test-get_colombia_gdp.R:72:3',
'test-get_colombia_gdp.R:80:3', 'test-get_colombia_gdp.R:88:3',
'test-get_colombia_gdp.R:97:3', 'test-get_colombia_holidays.R:24:3',
'test-get_colombia_holidays.R:39:3', 'test-get_colombia_holidays.R:54:3',
'test-get_colombia_holidays.R:64:3', 'test-get_colombia_holidays.R:74:3',
'test-get_colombia_invasive_species.R:24:3',
'test-get_colombia_invasive_species.R:36:3',
'test-get_colombia_invasive_species.R:50:3',
'test-get_colombia_invasive_species.R:59:3',
'test-get_colombia_invasive_species.R:68:3',
'test-get_colombia_invasive_species.R:79:3',
'test-get_colombia_native_communities.R:24:3',
'test-get_colombia_native_communities.R:35:3',
'test-get_colombia_native_communities.R:46:3',
'test-get_colombia_native_communities.R:55:3',
'test-get_colombia_native_communities.R:64:3',
'test-get_colombia_natural_areas.R:24:3',
'test-get_colombia_natural_areas.R:36:3',
'test-get_colombia_natural_areas.R:50:3',
'test-get_colombia_natural_areas.R:64:3',
'test-get_colombia_natural_areas.R:76:3',
'test-get_colombia_presidents.R:24:3', 'test-get_colombia_presidents.R:36:3',
'test-get_colombia_presidents.R:48:3', 'test-get_colombia_presidents.R:57:3',
'test-get_colombia_presidents.R:67:3', 'test-get_colombia_presidents.R:79:3',
'test-get_colombia_presidents.R:92:3',
'test-get_colombia_presidents.R:116:3',
'test-get_colombia_presidents.R:130:3',
'test-get_colombia_presidents.R:140:3',
'test-get_colombia_presidents.R:149:3',
'test-get_colombia_presidents.R:165:3',
'test-get_colombia_presidents.R:174:3', 'test-get_colombia_radios.R:23:3',
'test-get_colombia_radios.R:34:3', 'test-get_colombia_radios.R:45:3',
'test-get_colombia_radios.R:54:3', 'test-get_colombia_radios.R:64:3',
'test-get_colombia_radios.R:73:3', 'test-get_colombia_regions.R:23:3',
'test-get_colombia_regions.R:34:3', 'test-get_colombia_regions.R:43:3',
'test-get_colombia_regions.R:52:3', 'test-get_colombia_regions.R:61:3',
'test-get_colombia_regions.R:70:3', 'test-get_colombia_regions.R:87:3',
'test-get_colombia_regions.R:99:3', 'test-get_colombia_regions.R:108:3',
'test-get_colombia_regions.R:120:3', 'test-get_colombia_regions.R:139:3',
'test-get_colombia_typical_dishes.R:24:3',
'test-get_colombia_typical_dishes.R:35:3',
'test-get_colombia_typical_dishes.R:45:3',
'test-get_colombia_typical_dishes.R:55:3',
'test-get_colombia_typical_dishes.R:65:3',
'test-get_colombia_typical_dishes.R:73:3', 'test-get_country_info_co.R:23:3',
'test-get_country_info_co.R:35:3', 'test-get_country_info_co.R:49:3',
'test-get_country_info_co.R:63:3', 'test-get_country_info_co.R:73:3',
'test-get_country_info_co.R:83:3', 'test-get_country_info_co.R:103:3',
'test-get_country_info_co.R:116:3', 'test-get_country_info_co.R:126:3'
══ Failed tests ════════════════════════════════════════════════════════════════
── Failure ('test-get_colombia_literacy_rate.R:43:3'): get_colombia_literacy_rate() returns a tibble with correct structure and types ──
is.integer(result$value) is not TRUE
`actual`: FALSE
`expected`: TRUE
── Failure ('test-get_colombia_literacy_rate.R:124:3'): get_colombia_literacy_rate() value column is integer or NA ──
is.integer(result$value) is not TRUE
`actual`: FALSE
`expected`: TRUE
[ FAIL 2 | WARN 0 | SKIP 159 | PASS 671 ]
Error: Test failures
Execution halted
Flavor: r-patched-linux-x86_64
Version: 0.3.0
Check: installed package size
Result: NOTE
installed size is 5.7Mb
sub-directories of 1Mb or more:
R 3.7Mb
data 1.6Mb
Flavors: r-oldrel-macos-arm64, r-oldrel-macos-x86_64, r-oldrel-windows-x86_64
Version: 0.3.0
Check: tests
Result: ERROR
Running 'testthat.R' [42s]
Running the tests in 'tests/testthat.R' failed.
Complete output:
> # This file is part of the standard setup for testthat.
> # It is recommended that you do not modify it.
> #
> # Where should you do additional test configuration?
> # Learn more about the roles of various files in:
> # * https://r-pkgs.org/testing-design.html#sec-tests-files-overview
> # * https://testthat.r-lib.org/articles/special-files.html
>
> library(testthat)
> library(ColombiAPI)
>
> test_check("ColombiAPI")
No se pudo conectar a restcountries.com: Timeout was reached [restcountries.com]:
Connection timed out after 10003 milliseconds
Datasets available in the 'ColombiAPI' package:
Datasets available in the 'ColombiAPI' package:
[ FAIL 2 | WARN 0 | SKIP 159 | PASS 671 ]
══ Skipped tests (159) ═════════════════════════════════════════════════════════
• On CRAN (159): 'test-get_colombia_airports.R:24:3',
'test-get_colombia_airports.R:36:3', 'test-get_colombia_airports.R:51:3',
'test-get_colombia_airports.R:60:3', 'test-get_colombia_airports.R:68:3',
'test-get_colombia_airports.R:80:3', 'test-get_colombia_airports.R:92:3',
'test-get_colombia_airports.R:104:3', 'test-get_colombia_airports.R:112:3',
'test-get_colombia_airports.R:121:3', 'test-get_colombia_airports.R:142:3',
'test-get_colombia_airports.R:156:3', 'test-get_colombia_airports.R:166:3',
'test-get_colombia_airports.R:176:3', 'test-get_colombia_airports.R:186:3',
'test-get_colombia_airports.R:198:3', 'test-get_colombia_attractions.R:24:3',
'test-get_colombia_attractions.R:35:3',
'test-get_colombia_attractions.R:47:3',
'test-get_colombia_attractions.R:55:3',
'test-get_colombia_attractions.R:66:3',
'test-get_colombia_attractions.R:75:3',
'test-get_colombia_attractions.R:84:3',
'test-get_colombia_attractions.R:101:3',
'test-get_colombia_attractions.R:113:3',
'test-get_colombia_attractions.R:123:3',
'test-get_colombia_attractions.R:133:3',
'test-get_colombia_attractions.R:142:3',
'test-get_colombia_attractions.R:152:3',
'test-get_colombia_attractions.R:163:3',
'test-get_colombia_attractions.R:171:3',
'test-get_colombia_attractions.R:185:3',
'test-get_colombia_child_mortality.R:23:3',
'test-get_colombia_child_mortality.R:38:3',
'test-get_colombia_child_mortality.R:47:3',
'test-get_colombia_child_mortality.R:55:3',
'test-get_colombia_child_mortality.R:63:3',
'test-get_colombia_child_mortality.R:71:3',
'test-get_colombia_child_mortality.R:79:3',
'test-get_colombia_cities.R:23:3', 'test-get_colombia_cities.R:34:3',
'test-get_colombia_cities.R:42:3', 'test-get_colombia_cities.R:51:3',
'test-get_colombia_cities.R:63:3', 'test-get_colombia_cities.R:81:3',
'test-get_colombia_cities.R:93:3', 'test-get_colombia_cities.R:102:3',
'test-get_colombia_cities.R:116:3', 'test-get_colombia_cities.R:126:3',
'test-get_colombia_cities.R:134:3', 'test-get_colombia_cities.R:142:3',
'test-get_colombia_cities.R:152:3', 'test-get_colombia_cities.R:160:3',
'test-get_colombia_cpi.R:24:3', 'test-get_colombia_cpi.R:39:3',
'test-get_colombia_cpi.R:48:3', 'test-get_colombia_cpi.R:56:3',
'test-get_colombia_cpi.R:64:3', 'test-get_colombia_cpi.R:72:3',
'test-get_colombia_cpi.R:80:3', 'test-get_colombia_cpi.R:88:3',
'test-get_colombia_departments.R:24:3',
'test-get_colombia_departments.R:36:3',
'test-get_colombia_departments.R:50:3',
'test-get_colombia_departments.R:59:3',
'test-get_colombia_departments.R:68:3',
'test-get_colombia_departments.R:76:3',
'test-get_colombia_departments.R:88:3',
'test-get_colombia_departments.R:102:3',
'test-get_colombia_departments.R:119:3',
'test-get_colombia_departments.R:133:3',
'test-get_colombia_departments.R:145:3',
'test-get_colombia_departments.R:155:3',
'test-get_colombia_departments.R:167:3',
'test-get_colombia_departments.R:179:3',
'test-get_colombia_departments.R:191:3',
'test-get_colombia_energy_use.R:23:3', 'test-get_colombia_energy_use.R:38:3',
'test-get_colombia_energy_use.R:47:3', 'test-get_colombia_energy_use.R:55:3',
'test-get_colombia_energy_use.R:63:3', 'test-get_colombia_energy_use.R:71:3',
'test-get_colombia_energy_use.R:79:3', 'test-get_colombia_energy_use.R:87:3',
'test-get_colombia_gdp.R:23:3', 'test-get_colombia_gdp.R:39:3',
'test-get_colombia_gdp.R:48:3', 'test-get_colombia_gdp.R:56:3',
'test-get_colombia_gdp.R:64:3', 'test-get_colombia_gdp.R:72:3',
'test-get_colombia_gdp.R:80:3', 'test-get_colombia_gdp.R:88:3',
'test-get_colombia_gdp.R:97:3', 'test-get_colombia_holidays.R:24:3',
'test-get_colombia_holidays.R:39:3', 'test-get_colombia_holidays.R:54:3',
'test-get_colombia_holidays.R:64:3', 'test-get_colombia_holidays.R:74:3',
'test-get_colombia_invasive_species.R:24:3',
'test-get_colombia_invasive_species.R:36:3',
'test-get_colombia_invasive_species.R:50:3',
'test-get_colombia_invasive_species.R:59:3',
'test-get_colombia_invasive_species.R:68:3',
'test-get_colombia_invasive_species.R:79:3',
'test-get_colombia_native_communities.R:24:3',
'test-get_colombia_native_communities.R:35:3',
'test-get_colombia_native_communities.R:46:3',
'test-get_colombia_native_communities.R:55:3',
'test-get_colombia_native_communities.R:64:3',
'test-get_colombia_natural_areas.R:24:3',
'test-get_colombia_natural_areas.R:36:3',
'test-get_colombia_natural_areas.R:50:3',
'test-get_colombia_natural_areas.R:64:3',
'test-get_colombia_natural_areas.R:76:3',
'test-get_colombia_presidents.R:24:3', 'test-get_colombia_presidents.R:36:3',
'test-get_colombia_presidents.R:48:3', 'test-get_colombia_presidents.R:57:3',
'test-get_colombia_presidents.R:67:3', 'test-get_colombia_presidents.R:79:3',
'test-get_colombia_presidents.R:92:3',
'test-get_colombia_presidents.R:116:3',
'test-get_colombia_presidents.R:130:3',
'test-get_colombia_presidents.R:140:3',
'test-get_colombia_presidents.R:149:3',
'test-get_colombia_presidents.R:165:3',
'test-get_colombia_presidents.R:174:3', 'test-get_colombia_radios.R:23:3',
'test-get_colombia_radios.R:34:3', 'test-get_colombia_radios.R:45:3',
'test-get_colombia_radios.R:54:3', 'test-get_colombia_radios.R:64:3',
'test-get_colombia_radios.R:73:3', 'test-get_colombia_regions.R:23:3',
'test-get_colombia_regions.R:34:3', 'test-get_colombia_regions.R:43:3',
'test-get_colombia_regions.R:52:3', 'test-get_colombia_regions.R:61:3',
'test-get_colombia_regions.R:70:3', 'test-get_colombia_regions.R:87:3',
'test-get_colombia_regions.R:99:3', 'test-get_colombia_regions.R:108:3',
'test-get_colombia_regions.R:120:3', 'test-get_colombia_regions.R:139:3',
'test-get_colombia_typical_dishes.R:24:3',
'test-get_colombia_typical_dishes.R:35:3',
'test-get_colombia_typical_dishes.R:45:3',
'test-get_colombia_typical_dishes.R:55:3',
'test-get_colombia_typical_dishes.R:65:3',
'test-get_colombia_typical_dishes.R:73:3', 'test-get_country_info_co.R:23:3',
'test-get_country_info_co.R:35:3', 'test-get_country_info_co.R:49:3',
'test-get_country_info_co.R:63:3', 'test-get_country_info_co.R:73:3',
'test-get_country_info_co.R:83:3', 'test-get_country_info_co.R:103:3',
'test-get_country_info_co.R:116:3', 'test-get_country_info_co.R:126:3'
══ Failed tests ════════════════════════════════════════════════════════════════
── Failure ('test-get_colombia_literacy_rate.R:43:3'): get_colombia_literacy_rate() returns a tibble with correct structure and types ──
is.integer(result$value) is not TRUE
`actual`: FALSE
`expected`: TRUE
── Failure ('test-get_colombia_literacy_rate.R:124:3'): get_colombia_literacy_rate() value column is integer or NA ──
is.integer(result$value) is not TRUE
`actual`: FALSE
`expected`: TRUE
[ FAIL 2 | WARN 0 | SKIP 159 | PASS 671 ]
Error: Test failures
Execution halted
Flavor: r-oldrel-windows-x86_64