Last updated on 2025-05-12 05:49:46 CEST.
Flavor | Version | Tinstall | Tcheck | Ttotal | Status | Flags |
---|---|---|---|---|---|---|
r-devel-linux-x86_64-debian-clang | 1.1 | 7.69 | 58.39 | 66.08 | NOTE | |
r-devel-linux-x86_64-debian-gcc | 1.1 | 5.45 | 44.14 | 49.59 | NOTE | |
r-devel-linux-x86_64-fedora-clang | 1.1 | 106.54 | OK | |||
r-devel-linux-x86_64-fedora-gcc | 1.1 | 98.13 | OK | |||
r-devel-windows-x86_64 | 1.1 | 9.00 | 76.00 | 85.00 | OK | |
r-patched-linux-x86_64 | 1.1 | 6.30 | 56.44 | 62.74 | OK | |
r-release-linux-x86_64 | 1.1 | 6.27 | 56.36 | 62.63 | OK | |
r-release-macos-arm64 | 1.1 | 31.00 | OK | |||
r-release-macos-x86_64 | 1.1 | 63.00 | OK | |||
r-release-windows-x86_64 | 1.1 | 8.00 | 76.00 | 84.00 | OK | |
r-oldrel-macos-arm64 | 1.1 | 31.00 | OK | |||
r-oldrel-macos-x86_64 | 1.1 | 48.00 | OK | |||
r-oldrel-windows-x86_64 | 1.1 | 11.00 | 88.00 | 99.00 | OK |
Version: 1.1
Check: CRAN incoming feasibility
Result: NOTE
Maintainer: ‘Qingyang Zhang <qz008@uark.edu>’
No Authors@R field in DESCRIPTION.
Please add one, modifying
Authors@R: person(given = "Qingyang",
family = "Zhang",
role = c("aut", "cre"),
email = "qz008@uark.edu")
as necessary.
Flavors: r-devel-linux-x86_64-debian-clang, r-devel-linux-x86_64-debian-gcc