CRAN Package Check Results for Package DNetFinder

Last updated on 2025-10-06 05:49:35 CEST.

Flavor Version Tinstall Tcheck Ttotal Status Flags
r-devel-linux-x86_64-debian-clang 1.1 7.72 60.01 67.73 NOTE
r-devel-linux-x86_64-debian-gcc 1.1 6.34 45.38 51.72 NOTE
r-devel-linux-x86_64-fedora-clang 1.1 102.21 OK
r-devel-linux-x86_64-fedora-gcc 1.1 98.05 OK
r-devel-windows-x86_64 1.1 9.00 76.00 85.00 OK
r-patched-linux-x86_64 1.1 7.30 57.53 64.83 OK
r-release-linux-x86_64 1.1 7.15 57.89 65.04 OK
r-release-macos-arm64 1.1 31.00 OK
r-release-macos-x86_64 1.1 63.00 OK
r-release-windows-x86_64 1.1 9.00 76.00 85.00 OK
r-oldrel-macos-arm64 1.1 31.00 OK
r-oldrel-macos-x86_64 1.1 48.00 OK
r-oldrel-windows-x86_64 1.1 11.00 90.00 101.00 OK

Check Details

Version: 1.1
Check: CRAN incoming feasibility
Result: NOTE Maintainer: ‘Qingyang Zhang <qz008@uark.edu>’ No Authors@R field in DESCRIPTION. Please add one, modifying Authors@R: person(given = "Qingyang", family = "Zhang", role = c("aut", "cre"), email = "qz008@uark.edu") as necessary. Flavors: r-devel-linux-x86_64-debian-clang, r-devel-linux-x86_64-debian-gcc