Last updated on 2024-06-16 05:52:51 CEST.
Flavor | Version | Tinstall | Tcheck | Ttotal | Status | Flags |
---|---|---|---|---|---|---|
r-devel-linux-x86_64-debian-clang | 1.2.1 | 177.30 | 105.44 | 282.74 | NOTE | |
r-devel-linux-x86_64-debian-gcc | 1.2.1 | 115.14 | 80.33 | 195.47 | NOTE | |
r-devel-linux-x86_64-fedora-clang | 1.2.1 | 420.87 | NOTE | |||
r-devel-linux-x86_64-fedora-gcc | 1.2.1 | 427.34 | NOTE | |||
r-devel-windows-x86_64 | 1.2.1 | 139.00 | 118.00 | 257.00 | NOTE | |
r-patched-linux-x86_64 | 1.2.1 | 140.41 | 102.05 | 242.46 | NOTE | |
r-release-linux-x86_64 | 1.2.1 | 127.63 | 99.71 | 227.34 | NOTE | |
r-release-macos-arm64 | 1.2.1 | 86.00 | NOTE | |||
r-release-macos-x86_64 | 1.2.1 | 96.00 | NOTE | |||
r-release-windows-x86_64 | 1.2.1 | 141.00 | 114.00 | 255.00 | FAIL | |
r-oldrel-macos-arm64 | 1.2.1 | 84.00 | NOTE | |||
r-oldrel-macos-x86_64 | 1.2.1 | 132.00 | NOTE | |||
r-oldrel-windows-x86_64 | 1.2.1 | 176.00 | 148.00 | 324.00 | NOTE |
Version: 1.2.1
Check: for GNU extensions in Makefiles
Result: NOTE
GNU make is a SystemRequirements.
Flavors: r-devel-linux-x86_64-debian-clang, r-devel-linux-x86_64-debian-gcc, r-devel-linux-x86_64-fedora-clang, r-devel-linux-x86_64-fedora-gcc, r-devel-windows-x86_64, r-patched-linux-x86_64, r-release-linux-x86_64, r-release-macos-arm64, r-release-macos-x86_64, r-release-windows-x86_64, r-oldrel-macos-arm64, r-oldrel-macos-x86_64, r-oldrel-windows-x86_64
Version: 1.2.1
Check: Rd cross-references
Result: NOTE
Undeclared package ‘DRquality’ in Rd xrefs
Flavor: r-devel-linux-x86_64-fedora-clang
Version: 1.2.1
Check: installed package size
Result: NOTE
installed size is 7.0Mb
sub-directories of 1Mb or more:
doc 2.8Mb
libs 3.9Mb
Flavors: r-release-macos-arm64, r-release-macos-x86_64, r-oldrel-macos-arm64, r-oldrel-macos-x86_64
Version: 1.2.1
Check: dependencies in R code
Result: NOTE
Mingw-w64 runtime failure:
VirtualProtect failed with code 0x5af
Flavor: r-release-windows-x86_64
Version: 1.2.1
Check: S3 generic/method consistency
Result: WARN
Fatal error: couldn't allocate node stack
See section 'Generic functions and methods' in the 'Writing R
Extensions' manual.
Flavor: r-release-windows-x86_64
Version: 1.2.1
Check: R code for possible problems
Result: NOTE
Error: memory exhausted
Execution halted
Fatal error: couldn't allocate node stack
Flavor: r-release-windows-x86_64
Version: 1.2.1
Check: Rd files
Result: WARN
Fatal error: couldn't allocate node stack
Flavor: r-release-windows-x86_64
Version: 1.2.1
Check: HTML version of manual
Result: FAIL
Flavor: r-release-windows-x86_64