CRAN Package Check Results for Package DecomposeR

Last updated on 2025-05-06 05:50:38 CEST.

Flavor Version Tinstall Tcheck Ttotal Status Flags
r-devel-linux-x86_64-debian-clang 1.0.6 12.22 120.16 132.38 NOTE
r-devel-linux-x86_64-debian-gcc 1.0.6 7.15 84.60 91.75 NOTE
r-devel-linux-x86_64-fedora-clang 1.0.6 219.27 OK
r-devel-linux-x86_64-fedora-gcc 1.0.6 205.23 OK
r-devel-windows-x86_64 1.0.6 14.00 148.00 162.00 NOTE
r-patched-linux-x86_64 1.0.6 12.65 115.75 128.40 NOTE
r-release-linux-x86_64 1.0.6 10.63 115.30 125.93 NOTE
r-release-macos-arm64 1.0.6 66.00 OK
r-release-macos-x86_64 1.0.6 131.00 OK
r-release-windows-x86_64 1.0.6 15.00 150.00 165.00 NOTE
r-oldrel-macos-arm64 1.0.6 66.00 OK
r-oldrel-macos-x86_64 1.0.6 116.00 OK
r-oldrel-windows-x86_64 1.0.6 18.00 188.00 206.00 OK

Check Details

Version: 1.0.6
Check: CRAN incoming feasibility
Result: NOTE Maintainer: ‘Sebastien Wouters <wouterseb@gmail.com>’ No Authors@R field in DESCRIPTION. Please add one, modifying Authors@R: person(given = "Sebastien", family = "Wouters", role = c("aut", "cre"), email = "wouterseb@gmail.com") as necessary. Flavors: r-devel-linux-x86_64-debian-clang, r-devel-linux-x86_64-debian-gcc

Version: 1.0.6
Check: Rd cross-references
Result: NOTE Found the following Rd file(s) with Rd \link{} targets missing package anchors: inst.ratio.Rd: pdfDisplay Please provide package anchors for all Rd \link{} targets not in the package itself and the base packages. Flavors: r-devel-linux-x86_64-debian-clang, r-devel-linux-x86_64-debian-gcc, r-devel-windows-x86_64, r-patched-linux-x86_64, r-release-linux-x86_64, r-release-windows-x86_64