Last updated on 2025-07-27 05:48:29 CEST.
Flavor | Version | Tinstall | Tcheck | Ttotal | Status | Flags |
---|---|---|---|---|---|---|
r-devel-linux-x86_64-debian-clang | 1.3 | 4.19 | 38.30 | 42.49 | NOTE | |
r-devel-linux-x86_64-debian-gcc | 1.3 | 3.65 | 30.08 | 33.73 | NOTE | |
r-devel-linux-x86_64-fedora-clang | 1.3 | 69.51 | OK | |||
r-devel-linux-x86_64-fedora-gcc | 1.3 | 67.23 | OK | |||
r-devel-windows-x86_64 | 1.3 | 6.00 | 57.00 | 63.00 | OK | |
r-patched-linux-x86_64 | 1.3 | 4.73 | 37.06 | 41.79 | OK | |
r-release-linux-x86_64 | 1.3 | 4.81 | 36.73 | 41.54 | OK | |
r-release-macos-arm64 | 1.3 | 25.00 | OK | |||
r-release-macos-x86_64 | 1.3 | 39.00 | OK | |||
r-release-windows-x86_64 | 1.3 | 7.00 | 76.00 | 83.00 | OK | |
r-oldrel-macos-arm64 | 1.3 | 22.00 | OK | |||
r-oldrel-macos-x86_64 | 1.3 | 33.00 | OK | |||
r-oldrel-windows-x86_64 | 1.3 | 8.00 | 67.00 | 75.00 | OK |
Version: 1.3
Check: CRAN incoming feasibility
Result: NOTE
Maintainer: ‘Daniel Laydon <d.laydon@imperial.ac.uk>’
No Authors@R field in DESCRIPTION.
Please add one, modifying
Authors@R: c(person(given = c("Daniel", "J."),
family = "Laydon",
role = "aut"),
person(given = "Aaron",
family = "Sim",
role = "aut"),
person(given = c("Charles", "R.M."),
family = "Bangham",
role = "aut"),
person(given = "Becca",
family = "Asquith",
role = "aut"),
person(given = "Daniel",
family = "Laydon",
role = "cre",
email = "d.laydon@imperial.ac.uk"))
as necessary.
Flavors: r-devel-linux-x86_64-debian-clang, r-devel-linux-x86_64-debian-gcc