Last updated on 2024-06-16 05:52:52 CEST.
Flavor | Version | Tinstall | Tcheck | Ttotal | Status | Flags |
---|---|---|---|---|---|---|
r-devel-linux-x86_64-debian-clang | 1.3 | 29.35 | 50.87 | 80.22 | OK | |
r-devel-linux-x86_64-debian-gcc | 1.3 | 19.12 | 37.69 | 56.81 | OK | |
r-devel-linux-x86_64-fedora-clang | 1.3 | 102.69 | OK | |||
r-devel-linux-x86_64-fedora-gcc | 1.3 | 102.81 | OK | |||
r-devel-windows-x86_64 | 1.3 | 22.00 | 77.00 | 99.00 | OK | |
r-patched-linux-x86_64 | 1.3 | 23.81 | 47.10 | 70.91 | OK | |
r-release-linux-x86_64 | 1.3 | 23.75 | 47.64 | 71.39 | OK | |
r-release-macos-arm64 | 1.3 | 32.00 | NOTE | |||
r-release-macos-x86_64 | 1.3 | 43.00 | NOTE | |||
r-release-windows-x86_64 | 1.3 | 20.00 | 16.00 | 36.00 | FAIL | |
r-oldrel-macos-arm64 | 1.3 | 35.00 | NOTE | |||
r-oldrel-macos-x86_64 | 1.3 | 45.00 | NOTE | |||
r-oldrel-windows-x86_64 | 1.3 | 21.00 | 89.00 | 110.00 | NOTE |
Version: 1.3
Check: installed package size
Result: NOTE
installed size is 5.2Mb
sub-directories of 1Mb or more:
data 3.9Mb
libs 1.1Mb
Flavors: r-release-macos-arm64, r-release-macos-x86_64, r-oldrel-macos-arm64, r-oldrel-macos-x86_64, r-oldrel-windows-x86_64
Version: 1.3
Check: package dependencies
Result: FAIL
Flavor: r-release-windows-x86_64