Last updated on 2025-10-31 04:50:45 CET.
| Flavor | Version | Tinstall | Tcheck | Ttotal | Status | Flags | 
|---|---|---|---|---|---|---|
| r-devel-linux-x86_64-debian-clang | 2.0.4 | 27.56 | 103.02 | 130.58 | NOTE | |
| r-devel-linux-x86_64-debian-gcc | 2.0.4 | 16.52 | 78.02 | 94.54 | NOTE | |
| r-devel-linux-x86_64-fedora-clang | 2.0.4 | 62.00 | 151.54 | 213.54 | OK | |
| r-devel-linux-x86_64-fedora-gcc | 2.0.4 | 46.00 | 168.42 | 214.42 | OK | |
| r-devel-windows-x86_64 | 2.0.4 | 31.00 | 188.00 | 219.00 | OK | |
| r-patched-linux-x86_64 | 2.0.4 | 26.03 | 99.61 | 125.64 | OK | |
| r-release-linux-x86_64 | 2.0.4 | 26.30 | 100.70 | 127.00 | OK | |
| r-release-macos-arm64 | 2.0.4 | 13.00 | 66.00 | 79.00 | OK | |
| r-release-macos-x86_64 | 2.0.4 | 19.00 | 107.00 | 126.00 | OK | |
| r-release-windows-x86_64 | 2.0.4 | 31.00 | 192.00 | 223.00 | OK | |
| r-oldrel-macos-arm64 | 2.0.4 | 11.00 | 50.00 | 61.00 | OK | |
| r-oldrel-macos-x86_64 | 2.0.4 | 14.00 | 81.00 | 95.00 | OK | |
| r-oldrel-windows-x86_64 | 2.0.4 | 41.00 | 198.00 | 239.00 | OK | 
Version: 2.0.4
Check: CRAN incoming feasibility
Result: NOTE
  Maintainer: ‘Joan Garriga <jgarriga@ceab.csic.es>’
  
  No Authors@R field in DESCRIPTION.
  Please add one, modifying
    Authors@R: c(person(given = "Joan",
                        family = "Garriga",
                        role = c("aut", "cre"),
                        email = "jgarriga@ceab.csic.es"),
                 person(given = c("John", "R.B."),
                        family = "Palmer",
                        role = "aut"),
                 person(given = "Aitana",
                        family = "Oltra",
                        role = "aut"),
                 person(given = "Frederic",
                        family = "Bartumeus",
                        role = "aut"))
  as necessary.
Flavors: r-devel-linux-x86_64-debian-clang, r-devel-linux-x86_64-debian-gcc