Last updated on 2025-04-30 05:49:39 CEST.
Flavor | Version | Tinstall | Tcheck | Ttotal | Status | Flags |
---|---|---|---|---|---|---|
r-devel-linux-x86_64-debian-clang | 2.0.4 | 28.27 | 97.44 | 125.71 | NOTE | |
r-devel-linux-x86_64-debian-gcc | 2.0.4 | 18.19 | 74.69 | 92.88 | NOTE | |
r-devel-linux-x86_64-fedora-clang | 2.0.4 | 210.57 | OK | |||
r-devel-linux-x86_64-fedora-gcc | 2.0.4 | 211.91 | OK | |||
r-devel-windows-x86_64 | 2.0.4 | 32.00 | 192.00 | 224.00 | OK | |
r-patched-linux-x86_64 | 2.0.4 | 25.97 | 94.05 | 120.02 | OK | |
r-release-linux-x86_64 | 2.0.4 | 27.20 | 94.95 | 122.15 | OK | |
r-release-macos-arm64 | 2.0.4 | 79.00 | OK | |||
r-release-macos-x86_64 | 2.0.4 | 126.00 | OK | |||
r-release-windows-x86_64 | 2.0.4 | 32.00 | 201.00 | 233.00 | OK | |
r-oldrel-macos-arm64 | 2.0.4 | 61.00 | OK | |||
r-oldrel-macos-x86_64 | 2.0.4 | 95.00 | OK | |||
r-oldrel-windows-x86_64 | 2.0.4 | 37.00 | 205.00 | 242.00 | OK |
Version: 2.0.4
Check: CRAN incoming feasibility
Result: NOTE
Maintainer: ‘Joan Garriga <jgarriga@ceab.csic.es>’
No Authors@R field in DESCRIPTION.
Please add one, modifying
Authors@R: c(person(given = "Joan",
family = "Garriga",
role = c("aut", "cre"),
email = "jgarriga@ceab.csic.es"),
person(given = c("John", "R.B."),
family = "Palmer",
role = "aut"),
person(given = "Aitana",
family = "Oltra",
role = "aut"),
person(given = "Frederic",
family = "Bartumeus",
role = "aut"))
as necessary.
Flavors: r-devel-linux-x86_64-debian-clang, r-devel-linux-x86_64-debian-gcc