CRAN Package Check Results for Package ERSA

Last updated on 2025-07-04 05:49:21 CEST.

Flavor Version Tinstall Tcheck Ttotal Status Flags
r-devel-linux-x86_64-debian-clang 0.1.4 8.19 74.96 83.15 NOTE
r-devel-linux-x86_64-debian-gcc 0.1.4 5.15 54.60 59.75 NOTE
r-devel-linux-x86_64-fedora-clang 0.1.4 127.34 OK
r-devel-linux-x86_64-fedora-gcc 0.1.4 129.71 OK
r-devel-windows-x86_64 0.1.4 9.00 83.00 92.00 OK
r-patched-linux-x86_64 0.1.4 7.09 66.80 73.89 OK
r-release-linux-x86_64 0.1.4 7.00 66.39 73.39 OK
r-release-macos-arm64 0.1.4 39.00 OK
r-release-macos-x86_64 0.1.4 71.00 OK
r-release-windows-x86_64 0.1.4 9.00 81.00 90.00 OK
r-oldrel-macos-arm64 0.1.4 44.00 OK
r-oldrel-macos-x86_64 0.1.4 57.00 OK
r-oldrel-windows-x86_64 0.1.4 12.00 100.00 112.00 OK

Check Details

Version: 0.1.4
Check: CRAN incoming feasibility
Result: NOTE Maintainer: ‘Catherine B. Hurley <catherine.hurley@mu.ie>’ No Authors@R field in DESCRIPTION. Please add one, modifying Authors@R: person(given = c("Catherine", "B."), family = "Hurley", role = c("aut", "cre"), email = "catherine.hurley@mu.ie") as necessary. Flavors: r-devel-linux-x86_64-debian-clang, r-devel-linux-x86_64-debian-gcc