Last updated on 2025-11-24 04:49:55 CET.
| Flavor | Version | Tinstall | Tcheck | Ttotal | Status | Flags |
|---|---|---|---|---|---|---|
| r-devel-linux-x86_64-debian-clang | 1.3.6 | 7.74 | 66.09 | 73.83 | NOTE | |
| r-devel-linux-x86_64-debian-gcc | 1.3.6 | 5.15 | 50.54 | 55.69 | NOTE | |
| r-devel-linux-x86_64-fedora-clang | 1.3.6 | 22.00 | 91.90 | 113.90 | OK | |
| r-devel-windows-x86_64 | 1.3.6 | 10.00 | 76.00 | 86.00 | OK | |
| r-patched-linux-x86_64 | 1.3.6 | 7.48 | 63.75 | 71.23 | OK | |
| r-release-linux-x86_64 | 1.3.6 | 6.69 | 63.57 | 70.26 | OK | |
| r-release-macos-arm64 | 1.3.6 | OK | ||||
| r-release-macos-x86_64 | 1.3.6 | 7.00 | 68.00 | 75.00 | OK | |
| r-release-windows-x86_64 | 1.3.6 | 8.00 | 89.00 | 97.00 | OK | |
| r-oldrel-macos-arm64 | 1.3.6 | OK | ||||
| r-oldrel-macos-x86_64 | 1.3.6 | 8.00 | 86.00 | 94.00 | OK | |
| r-oldrel-windows-x86_64 | 1.3.6 | 11.00 | 93.00 | 104.00 | OK |
Version: 1.3.6
Check: CRAN incoming feasibility
Result: NOTE
Maintainer: ‘Joshua French <joshua.french@ucdenver.edu>’
No Authors@R field in DESCRIPTION.
Please add one, modifying
Authors@R: person(given = "Joshua",
family = "French",
role = c("aut", "cre"),
email = "joshua.french@ucdenver.edu")
as necessary.
Flavors: r-devel-linux-x86_64-debian-clang, r-devel-linux-x86_64-debian-gcc