Last updated on 2025-05-24 05:51:05 CEST.
Flavor | Version | Tinstall | Tcheck | Ttotal | Status | Flags |
---|---|---|---|---|---|---|
r-devel-linux-x86_64-debian-clang | 0.1.0 | 3.32 | 54.95 | 58.27 | NOTE | |
r-devel-linux-x86_64-debian-gcc | 0.1.0 | 2.42 | 36.38 | 38.80 | NOTE | |
r-devel-linux-x86_64-fedora-clang | 0.1.0 | 97.07 | NOTE | |||
r-devel-linux-x86_64-fedora-gcc | 0.1.0 | 94.82 | NOTE | |||
r-devel-windows-x86_64 | 0.1.0 | 4.00 | 68.00 | 72.00 | NOTE | |
r-patched-linux-x86_64 | 0.1.0 | 3.58 | 52.60 | 56.18 | NOTE | |
r-release-linux-x86_64 | 0.1.0 | 3.45 | 51.44 | 54.89 | NOTE | |
r-release-macos-arm64 | 0.1.0 | 26.00 | NOTE | |||
r-release-macos-x86_64 | 0.1.0 | 49.00 | NOTE | |||
r-release-windows-x86_64 | 0.1.0 | 6.00 | 101.00 | 107.00 | NOTE | |
r-oldrel-macos-arm64 | 0.1.0 | 29.00 | NOTE | |||
r-oldrel-macos-x86_64 | 0.1.0 | 41.00 | NOTE | |||
r-oldrel-windows-x86_64 | 0.1.0 | 5.00 | 78.00 | 83.00 | NOTE |
Version: 0.1.0
Check: Rd files
Result: NOTE
checkRd: (-1) EEzGP_fit.Rd:50: Lost braces in \itemize; \value handles \item{}{} directly
checkRd: (-1) EEzGP_fit.Rd:51: Lost braces in \itemize; \value handles \item{}{} directly
checkRd: (-1) EEzGP_predict.Rd:19: Lost braces in \itemize; \value handles \item{}{} directly
checkRd: (-1) EEzGP_predict.Rd:20: Lost braces in \itemize; \value handles \item{}{} directly
checkRd: (-1) EzGP_fit.Rd:50: Lost braces in \itemize; \value handles \item{}{} directly
checkRd: (-1) EzGP_fit.Rd:51: Lost braces in \itemize; \value handles \item{}{} directly
checkRd: (-1) EzGP_predict.Rd:19: Lost braces in \itemize; \value handles \item{}{} directly
checkRd: (-1) EzGP_predict.Rd:20: Lost braces in \itemize; \value handles \item{}{} directly
checkRd: (-1) LEzGP_fit.Rd:59: Lost braces in \itemize; \value handles \item{}{} directly
checkRd: (-1) LEzGP_fit.Rd:60: Lost braces in \itemize; \value handles \item{}{} directly
checkRd: (-1) LLF_gradients.Rd:29: Lost braces in \itemize; \value handles \item{}{} directly
checkRd: (-1) LLF_gradients.Rd:30: Lost braces in \itemize; \value handles \item{}{} directly
Flavors: r-devel-linux-x86_64-debian-clang, r-devel-linux-x86_64-debian-gcc, r-devel-linux-x86_64-fedora-clang, r-devel-linux-x86_64-fedora-gcc, r-devel-windows-x86_64, r-patched-linux-x86_64, r-release-linux-x86_64, r-release-macos-arm64, r-release-macos-x86_64, r-release-windows-x86_64, r-oldrel-macos-arm64, r-oldrel-macos-x86_64, r-oldrel-windows-x86_64