Last updated on 2025-04-29 05:50:04 CEST.
Flavor | Version | Tinstall | Tcheck | Ttotal | Status | Flags |
---|---|---|---|---|---|---|
r-devel-linux-x86_64-debian-clang | 1.0.9 | 6.00 | 1305.16 | 1311.16 | OK | |
r-devel-linux-x86_64-debian-gcc | 1.0.9 | 3.79 | 739.13 | 742.92 | NOTE | |
r-devel-linux-x86_64-fedora-clang | 1.0.9 | 2397.73 | OK | |||
r-devel-linux-x86_64-fedora-gcc | 1.0.9 | 2126.53 | OK | |||
r-devel-windows-x86_64 | 1.0.9 | 8.00 | 1042.00 | 1050.00 | OK | |
r-patched-linux-x86_64 | 1.0.9 | 5.95 | 1221.88 | 1227.83 | OK | |
r-release-linux-x86_64 | 1.0.9 | 5.66 | 1215.33 | 1220.99 | OK | |
r-release-macos-arm64 | 1.0.9 | 413.00 | OK | |||
r-release-macos-x86_64 | 1.0.9 | 619.00 | OK | |||
r-release-windows-x86_64 | 1.0.9 | 8.00 | 1038.00 | 1046.00 | OK | |
r-oldrel-macos-arm64 | 1.0.9 | 359.00 | OK | |||
r-oldrel-macos-x86_64 | 1.0.9 | 706.00 | OK | |||
r-oldrel-windows-x86_64 | 1.0.9 | 9.00 | 1484.00 | 1493.00 | OK |
Version: 1.0.9
Check: examples
Result: NOTE
Examples with CPU (user + system) or elapsed time > 5s
user system elapsed
relab_phyloseq 5.561 0.290 8.518
bootstrap_fava 4.863 0.096 6.768
Flavor: r-devel-linux-x86_64-debian-gcc