Last updated on 2025-11-24 04:49:56 CET.
| Flavor | Version | Tinstall | Tcheck | Ttotal | Status | Flags |
|---|---|---|---|---|---|---|
| r-devel-linux-x86_64-debian-clang | 1.0.9 | 4.75 | 56.15 | 60.90 | NOTE | |
| r-devel-linux-x86_64-debian-gcc | 1.0.9 | 3.60 | 46.62 | 50.22 | NOTE | |
| r-devel-linux-x86_64-fedora-clang | 1.0.9 | 87.04 | OK | |||
| r-devel-windows-x86_64 | 1.0.9 | 5.00 | 67.00 | 72.00 | OK | |
| r-patched-linux-x86_64 | 1.0.9 | 5.26 | 53.66 | 58.92 | OK | |
| r-release-linux-x86_64 | 1.0.9 | 4.06 | 52.67 | 56.73 | OK | |
| r-release-macos-arm64 | 1.0.9 | OK | ||||
| r-release-macos-x86_64 | 1.0.9 | 4.00 | 52.00 | 56.00 | OK | |
| r-release-windows-x86_64 | 1.0.9 | 6.00 | 74.00 | 80.00 | OK | |
| r-oldrel-macos-arm64 | 1.0.9 | OK | ||||
| r-oldrel-macos-x86_64 | 1.0.9 | 3.00 | 46.00 | 49.00 | OK | |
| r-oldrel-windows-x86_64 | 1.0.9 | 5.00 | 70.00 | 75.00 | OK |
Version: 1.0.9
Check: CRAN incoming feasibility
Result: NOTE
Maintainer: ‘Giovanny Covarrubias-Pazaran <covarrubiasp@wisc.edu>’
No Authors@R field in DESCRIPTION.
Please add one, modifying
Authors@R: c(person(given = "Giovanny",
family = "Covarrubias-Pazaran",
role = c("aut", "cre"),
email = "covarrubiasp@wisc.edu"),
person(given = "Luis",
family = "Diaz-Garcia",
role = "aut"),
person(given = "Brandon",
family = "Schlautman",
role = "aut"),
person(given = "Walter",
family = "Salazar",
role = "aut"),
person(given = "Juan",
family = "Zalapa.",
role = "aut"))
as necessary.
Package CITATION file contains call(s) to old-style citEntry(). Please
use bibentry() instead.
Flavors: r-devel-linux-x86_64-debian-clang, r-devel-linux-x86_64-debian-gcc