CRAN Package Check Results for Package FuzzyDBScan

Last updated on 2025-07-20 05:48:23 CEST.

Flavor Version Tinstall Tcheck Ttotal Status Flags
r-devel-linux-x86_64-debian-clang 0.0.3 6.82 59.99 66.81 NOTE
r-devel-linux-x86_64-debian-gcc 0.0.3 4.66 43.91 48.57 NOTE
r-devel-linux-x86_64-fedora-clang 0.0.3 104.65 OK
r-devel-linux-x86_64-fedora-gcc 0.0.3 97.39 OK
r-devel-windows-x86_64 0.0.3 9.00 75.00 84.00 NOTE
r-patched-linux-x86_64 0.0.3 6.54 54.62 61.16 NOTE
r-release-linux-x86_64 0.0.3 5.73 55.11 60.84 NOTE
r-release-macos-arm64 0.0.3 46.00 OK
r-release-macos-x86_64 0.0.3 54.00 OK
r-release-windows-x86_64 0.0.3 7.00 73.00 80.00 NOTE
r-oldrel-macos-arm64 0.0.3 30.00 OK
r-oldrel-macos-x86_64 0.0.3 48.00 OK
r-oldrel-windows-x86_64 0.0.3 11.00 91.00 102.00 OK

Check Details

Version: 0.0.3
Check: Rd cross-references
Result: NOTE Found the following Rd file(s) with Rd \link{} targets missing package anchors: Fuzzy_DBScan.Rd: data.table Please provide package anchors for all Rd \link{} targets not in the package itself and the base packages. Flavors: r-devel-linux-x86_64-debian-clang, r-devel-linux-x86_64-debian-gcc, r-devel-windows-x86_64, r-patched-linux-x86_64, r-release-linux-x86_64, r-release-windows-x86_64