CRAN Package Check Results for Package GARCHSK

Last updated on 2025-05-02 05:50:18 CEST.

Flavor Version Tinstall Tcheck Ttotal Status Flags
r-devel-linux-x86_64-debian-clang 0.1.0 1.83 24.46 26.29 NOTE
r-devel-linux-x86_64-debian-gcc 0.1.0 1.75 17.50 19.25 OK
r-devel-linux-x86_64-fedora-clang 0.1.0 40.50 OK
r-devel-linux-x86_64-fedora-gcc 0.1.0 38.44 OK
r-devel-windows-x86_64 0.1.0 3.00 52.00 55.00 OK
r-patched-linux-x86_64 0.1.0 2.37 22.24 24.61 OK
r-release-linux-x86_64 OK
r-release-macos-arm64 0.1.0 18.00 OK
r-release-macos-x86_64 0.1.0 35.00 OK
r-release-windows-x86_64 0.1.0 3.00 53.00 56.00 OK
r-oldrel-macos-arm64 0.1.0 15.00 OK
r-oldrel-macos-x86_64 0.1.0 23.00 OK
r-oldrel-windows-x86_64 0.1.0 4.00 45.00 49.00 OK

Check Details

Version: 0.1.0
Check: examples
Result: NOTE Examples with CPU (user + system) or elapsed time > 5s user system elapsed gjrsk_est 3.917 0.046 5.14 Flavor: r-devel-linux-x86_64-debian-clang