Last updated on 2025-07-28 05:50:23 CEST.
Flavor | Version | Tinstall | Tcheck | Ttotal | Status | Flags |
---|---|---|---|---|---|---|
r-devel-linux-x86_64-debian-clang | 0.1.0 | 33.07 | 69.08 | 102.15 | NOTE | |
r-devel-linux-x86_64-debian-gcc | 0.1.0 | 22.16 | 51.80 | 73.96 | NOTE | |
r-devel-linux-x86_64-fedora-clang | 0.1.0 | 166.58 | OK | |||
r-devel-linux-x86_64-fedora-gcc | 0.1.0 | 154.39 | OK | |||
r-devel-windows-x86_64 | 0.1.0 | 42.00 | 94.00 | 136.00 | OK | |
r-patched-linux-x86_64 | 0.1.0 | 30.00 | 65.56 | 95.56 | OK | |
r-release-linux-x86_64 | 0.1.0 | 32.87 | 65.49 | 98.36 | OK | |
r-release-macos-arm64 | 0.1.0 | 50.00 | OK | |||
r-release-macos-x86_64 | 0.1.0 | 85.00 | OK | |||
r-release-windows-x86_64 | 0.1.0 | 38.00 | 94.00 | 132.00 | OK | |
r-oldrel-macos-arm64 | 0.1.0 | 43.00 | OK | |||
r-oldrel-macos-x86_64 | 0.1.0 | 64.00 | OK | |||
r-oldrel-windows-x86_64 | 0.1.0 | 47.00 | 115.00 | 162.00 | OK |
Version: 0.1.0
Check: CRAN incoming feasibility
Result: NOTE
Maintainer: ‘Lukasz Smaga <ls@amu.edu.pl>’
The Description field contains
<arXiv:2301.12009>). We can verify the global hypothesis about equality
Please refer to arXiv e-prints via their arXiv DOI <doi:10.48550/arXiv.YYMM.NNNNN>.
Flavors: r-devel-linux-x86_64-debian-clang, r-devel-linux-x86_64-debian-gcc