Last updated on 2025-07-21 05:51:01 CEST.
Flavor | Version | Tinstall | Tcheck | Ttotal | Status | Flags |
---|---|---|---|---|---|---|
r-devel-linux-x86_64-debian-clang | 3.2.1 | 42.30 | 310.69 | 352.99 | NOTE | |
r-devel-linux-x86_64-debian-gcc | 3.2.1 | 27.14 | 200.01 | 227.15 | NOTE | |
r-devel-linux-x86_64-fedora-clang | 3.2.1 | 586.84 | OK | |||
r-devel-linux-x86_64-fedora-gcc | 3.2.1 | 533.64 | OK | |||
r-devel-windows-x86_64 | 3.2.1 | 41.00 | 225.00 | 266.00 | OK | |
r-patched-linux-x86_64 | 3.2.1 | 42.03 | 297.09 | 339.12 | OK | |
r-release-linux-x86_64 | 3.2.1 | 44.53 | 296.04 | 340.57 | OK | |
r-release-macos-arm64 | 3.2.1 | 131.00 | OK | |||
r-release-macos-x86_64 | 3.2.1 | 256.00 | OK | |||
r-release-windows-x86_64 | 3.2.1 | 39.00 | 227.00 | 266.00 | OK | |
r-oldrel-macos-arm64 | 3.2.1 | 112.00 | OK | |||
r-oldrel-macos-x86_64 | 3.2.1 | 199.00 | OK | |||
r-oldrel-windows-x86_64 | 3.2.1 | 54.00 | 315.00 | 369.00 | OK |
Version: 3.2.1
Check: CRAN incoming feasibility
Result: NOTE
Maintainer: ‘Wayne Jones <wayne.w.jones@shell.com>’
No Authors@R field in DESCRIPTION.
Please add one, modifying
Authors@R: c(person(given = "Wayne",
family = "Jones",
role = c("aut", "cre"),
email = "wayne.w.jones@shell.com"),
person(given = "Ludger",
family = "Evers",
role = "aut",
email = "ludger.evers@glasgow.ac.uk"),
person(given = "Andrej",
family = "Aderhold",
role = "aut",
email = "andrej.aderhold@protonmail.com"))
as necessary.
Flavors: r-devel-linux-x86_64-debian-clang, r-devel-linux-x86_64-debian-gcc