Last updated on 2025-10-31 04:50:49 CET.
| Flavor | Version | Tinstall | Tcheck | Ttotal | Status | Flags | 
|---|---|---|---|---|---|---|
| r-devel-linux-x86_64-debian-clang | 1.2 | 3.87 | 56.92 | 60.79 | NOTE | |
| r-devel-linux-x86_64-debian-gcc | 1.2 | 3.85 | 38.22 | 42.07 | NOTE | |
| r-devel-linux-x86_64-fedora-clang | 1.2 | 15.00 | 74.83 | 89.83 | OK | |
| r-devel-linux-x86_64-fedora-gcc | 1.2 | 13.00 | 61.81 | 74.81 | OK | |
| r-devel-windows-x86_64 | 1.2 | 8.00 | 80.00 | 88.00 | OK | |
| r-patched-linux-x86_64 | 1.2 | 5.18 | 47.72 | 52.90 | OK | |
| r-release-linux-x86_64 | 1.2 | 5.17 | 47.76 | 52.93 | OK | |
| r-release-macos-arm64 | 1.2 | 4.00 | 41.00 | 45.00 | OK | |
| r-release-macos-x86_64 | 1.2 | 6.00 | 57.00 | 63.00 | OK | |
| r-release-windows-x86_64 | 1.2 | 9.00 | 81.00 | 90.00 | OK | |
| r-oldrel-macos-arm64 | 1.2 | 3.00 | 34.00 | 37.00 | OK | |
| r-oldrel-macos-x86_64 | 1.2 | 6.00 | 45.00 | 51.00 | OK | |
| r-oldrel-windows-x86_64 | 1.2 | 7.00 | 83.00 | 90.00 | OK | 
Version: 1.2
Check: CRAN incoming feasibility
Result: NOTE
  Maintainer: ‘Wei Qian <weiqian@stat.umn.edu>’
  
  No Authors@R field in DESCRIPTION.
  Please add one, modifying
    Authors@R: c(person(given = "Wei",
                        family = "Qian",
                        role = c("aut", "cre"),
                        email = "weiqian@stat.umn.edu"),
                 person(given = "Yi",
                        family = "Yang",
                        role = "aut",
                        email = "yiyang@umn.edu"),
                 person(given = "Hui",
                        family = "Zou",
                        role = "aut",
                        email = "hzou@stat.umn.edu"))
  as necessary.
Flavors: r-devel-linux-x86_64-debian-clang, r-devel-linux-x86_64-debian-gcc