Last updated on 2025-11-24 04:49:57 CET.
| Flavor | Version | Tinstall | Tcheck | Ttotal | Status | Flags |
|---|---|---|---|---|---|---|
| r-devel-linux-x86_64-debian-clang | 0.1.0 | 2.70 | 24.73 | 27.43 | NOTE | |
| r-devel-linux-x86_64-debian-gcc | 0.1.0 | 1.65 | 20.64 | 22.29 | NOTE | |
| r-devel-linux-x86_64-fedora-clang | 0.1.0 | 41.20 | NOTE | |||
| r-devel-windows-x86_64 | 0.1.0 | 4.00 | 42.00 | 46.00 | OK | |
| r-patched-linux-x86_64 | 0.1.0 | 2.70 | 23.20 | 25.90 | OK | |
| r-release-linux-x86_64 | 0.1.0 | 2.28 | 23.23 | 25.51 | OK | |
| r-release-macos-arm64 | 0.1.0 | OK | ||||
| r-release-macos-x86_64 | 0.1.0 | 2.00 | 37.00 | 39.00 | OK | |
| r-release-windows-x86_64 | 0.1.0 | 4.00 | 51.00 | 55.00 | OK | |
| r-oldrel-macos-arm64 | 0.1.0 | OK | ||||
| r-oldrel-macos-x86_64 | 0.1.0 | 2.00 | 36.00 | 38.00 | OK | |
| r-oldrel-windows-x86_64 | 0.1.0 | 5.00 | 48.00 | 53.00 | OK |
Version: 0.1.0
Check: CRAN incoming feasibility
Result: NOTE
Maintainer: ‘Jinan Pang <pang.jinan@qq.com>’
No Authors@R field in DESCRIPTION.
Please add one, modifying
Authors@R: c(person(family = "JinanPang",
role = c("aut", "cre")),
person(family = "HuiLi",
role = "ctb"),
person(given = "Jinan",
family = "Pang",
role = "cre",
email = "pang.jinan@qq.com"))
as necessary.
Flavors: r-devel-linux-x86_64-debian-clang, r-devel-linux-x86_64-debian-gcc
Version: 0.1.0
Check: dependencies in R code
Result: NOTE
Namespace in Imports field not imported from: ‘knitr’
All declared Imports should be used.
Flavor: r-devel-linux-x86_64-fedora-clang