CRAN Package Check Results for Package HMB

Last updated on 2025-07-03 05:50:32 CEST.

Flavor Version Tinstall Tcheck Ttotal Status Flags
r-devel-linux-x86_64-debian-clang 1.1 82.77 28.60 111.37 NOTE
r-devel-linux-x86_64-debian-gcc 1.1 53.91 23.15 77.06 NOTE
r-devel-linux-x86_64-fedora-clang 1.1 218.48 NOTE
r-devel-linux-x86_64-fedora-gcc 1.1 196.99 NOTE
r-devel-windows-x86_64 1.1 90.00 71.00 161.00 NOTE
r-patched-linux-x86_64 1.1 82.79 27.17 109.96 NOTE
r-release-linux-x86_64 1.1 82.08 27.28 109.36 NOTE
r-release-macos-arm64 1.1 38.00 NOTE
r-release-macos-x86_64 1.1 54.00 NOTE
r-release-windows-x86_64 1.1 94.00 69.00 163.00 NOTE
r-oldrel-macos-arm64 1.1 42.00 NOTE
r-oldrel-macos-x86_64 1.1 46.00 NOTE
r-oldrel-windows-x86_64 1.1 110.00 80.00 190.00 NOTE

Check Details

Version: 1.1
Check: C++ specification
Result: NOTE Specified C++11: please drop specification unless essential Flavors: r-devel-linux-x86_64-debian-clang, r-devel-linux-x86_64-debian-gcc, r-devel-linux-x86_64-fedora-clang, r-devel-linux-x86_64-fedora-gcc, r-devel-windows-x86_64, r-patched-linux-x86_64, r-release-linux-x86_64, r-release-macos-arm64, r-release-macos-x86_64, r-release-windows-x86_64, r-oldrel-macos-arm64, r-oldrel-macos-x86_64, r-oldrel-windows-x86_64

Version: 1.1
Check: installed package size
Result: NOTE installed size is 7.8Mb sub-directories of 1Mb or more: data 3.5Mb libs 4.0Mb Flavors: r-oldrel-macos-arm64, r-oldrel-macos-x86_64, r-oldrel-windows-x86_64