Last updated on 2025-11-25 04:50:14 CET.
| Flavor | Version | Tinstall | Tcheck | Ttotal | Status | Flags |
|---|---|---|---|---|---|---|
| r-devel-linux-x86_64-debian-clang | 0.1.0 | 2.34 | 26.04 | 28.38 | NOTE | |
| r-devel-linux-x86_64-debian-gcc | 0.1.0 | 1.68 | 20.76 | 22.44 | NOTE | |
| r-devel-linux-x86_64-fedora-clang | 0.1.0 | 42.49 | OK | |||
| r-devel-linux-x86_64-fedora-gcc | 0.1.0 | 38.89 | OK | |||
| r-devel-windows-x86_64 | 0.1.0 | 6.00 | 43.00 | 49.00 | OK | |
| r-patched-linux-x86_64 | 0.1.0 | 2.17 | 24.66 | 26.83 | OK | |
| r-release-linux-x86_64 | 0.1.0 | 2.15 | 24.89 | 27.04 | OK | |
| r-release-macos-arm64 | 0.1.0 | OK | ||||
| r-release-macos-x86_64 | 0.1.0 | 2.00 | 25.00 | 27.00 | OK | |
| r-release-windows-x86_64 | 0.1.0 | 3.00 | 60.00 | 63.00 | OK | |
| r-oldrel-macos-arm64 | 0.1.0 | OK | ||||
| r-oldrel-macos-x86_64 | 0.1.0 | 2.00 | 23.00 | 25.00 | OK | |
| r-oldrel-windows-x86_64 | 0.1.0 | 5.00 | 49.00 | 54.00 | OK |
Version: 0.1.0
Check: CRAN incoming feasibility
Result: NOTE
Maintainer: ‘Denise Rava <drava@ucsd.edu>’
The Description field contains
R. (2021) <arXiv:2112.09535>.
Please refer to arXiv e-prints via their arXiv DOI <doi:10.48550/arXiv.YYMM.NNNNN>.
Flavors: r-devel-linux-x86_64-debian-clang, r-devel-linux-x86_64-debian-gcc