CRAN Package Check Results for Package HighestMedianRules

Last updated on 2025-11-24 04:49:57 CET.

Flavor Version Tinstall Tcheck Ttotal Status Flags
r-devel-linux-x86_64-debian-clang 1.0 1.44 19.61 21.05 OK
r-devel-linux-x86_64-debian-gcc 1.0 1.35 16.11 17.46 OK
r-devel-linux-x86_64-fedora-clang 1.0 31.50 OK
r-devel-windows-x86_64 1.0 3.00 38.00 41.00 OK
r-patched-linux-x86_64 1.0 1.99 18.22 20.21 OK
r-release-linux-x86_64 1.0 1.84 18.45 20.29 OK
r-release-macos-arm64 1.0 OK
r-release-macos-x86_64 1.0 2.00 20.00 22.00 OK
r-release-windows-x86_64 1.0 3.00 38.00 41.00 OK
r-oldrel-macos-arm64 1.0 NOTE
r-oldrel-macos-x86_64 1.0 1.00 18.00 19.00 NOTE
r-oldrel-windows-x86_64 1.0 3.00 38.00 41.00 NOTE

Check Details

Version: 1.0
Check: LazyData
Result: NOTE 'LazyData' is specified without a 'data' directory Flavors: r-oldrel-macos-arm64, r-oldrel-macos-x86_64, r-oldrel-windows-x86_64