Last updated on 2025-05-01 05:51:33 CEST.
Flavor | Version | Tinstall | Tcheck | Ttotal | Status | Flags |
---|---|---|---|---|---|---|
r-devel-linux-x86_64-debian-clang | 0.0.1 | 4.79 | 35.21 | 40.00 | NOTE | |
r-devel-linux-x86_64-debian-gcc | 0.0.1 | 3.12 | 26.29 | 29.41 | NOTE | |
r-devel-linux-x86_64-fedora-clang | 0.0.1 | 66.58 | OK | |||
r-devel-linux-x86_64-fedora-gcc | 0.0.1 | 58.40 | OK | |||
r-devel-windows-x86_64 | 0.0.1 | 5.00 | 56.00 | 61.00 | OK | |
r-patched-linux-x86_64 | 0.0.1 | 3.61 | 33.49 | 37.10 | OK | |
r-release-linux-x86_64 | 0.0.1 | 4.22 | 32.99 | 37.21 | OK | |
r-release-macos-arm64 | 0.0.1 | 22.00 | OK | |||
r-release-macos-x86_64 | 0.0.1 | 39.00 | OK | |||
r-release-windows-x86_64 | 0.0.1 | 6.00 | 56.00 | 62.00 | OK | |
r-oldrel-macos-arm64 | 0.0.1 | 28.00 | OK | |||
r-oldrel-macos-x86_64 | 0.0.1 | 43.00 | OK | |||
r-oldrel-windows-x86_64 | 0.0.1 | 8.00 | 64.00 | 72.00 | OK |
Version: 0.0.1
Check: CRAN incoming feasibility
Result: NOTE
Maintainer: ‘Taehyeon Koo <tk587@stat.rutgers.edu>’
The Description field contains
(2024) <arXiv:2405.19312>, it includes block-level estimators and
Please refer to arXiv e-prints via their arXiv DOI <doi:10.48550/arXiv.YYMM.NNNNN>.
Flavors: r-devel-linux-x86_64-debian-clang, r-devel-linux-x86_64-debian-gcc